{"id":1594,"date":"2019-07-30T00:39:19","date_gmt":"2019-07-29T21:39:19","guid":{"rendered":"http:\/\/www.fyysika.ee\/vorgustik\/?page_id=1594"},"modified":"2020-04-28T20:48:56","modified_gmt":"2020-04-28T17:48:56","slug":"suvekool-taastuvenergiast-ilma-udujututa","status":"publish","type":"page","link":"http:\/\/www.fyysika.ee\/vorgustik\/?page_id=1594","title":{"rendered":"Koolitusseminar &#8220;Taastuvenergiast ilma udujututa&#8221;"},"content":{"rendered":"<p><strong>Kutsume loodusainete \u00f5petajaid 26.-27. augustil <a href=\"https:\/\/voorepuhkekeskus.ee\/\">Voore Puhkekeskuses<\/a> toimuvale koolitusseminarile &#8220;Taastuvenergiast ilma udujututa&#8221;.<\/strong><\/p>\n<p><strong style=\"font-size: 1rem;\">Koolitusseminar on algatuseks projektile, kus bioloogia, geograafia, f\u00fc\u00fcsika ja keemia \u00f5petajad koos erinevate valdkondade spetsialistidega panevad j\u00e4rgneva poole aasta jooksul kokku \u00f5ppevahendite komplekti, mis v\u00f5imaldab \u00f5ppet\u00f6\u00f6s teadusp\u00f5hiselt, samas \u00f5pilastele <strong>arusaadavas v\u00f5tmes otsida vastust k\u00fcsimusele &#8220;<b>Mida tuleks teha, et Eesti saaks fossiilk\u00fctustest loobuda?<\/b>&#8221;\u00a0<\/strong><\/strong><\/p>\n<p>J\u00e4tkusuutliku arengu \u00fcheks v\u00f5tmeteemaks on taastuvenergia kasutuselev\u00f5tt nii Eestis kui mujal maailmas. T\u00e4na on \u00fchiskonnas energeetika teemadel raske arendada laiap\u00f5hjalist diskussiooni, sest puudub kooliharidusele tuginev teadusp\u00f5hine, \u00fcldarusaadav raamistik. Miks on vesinikumajandus kasulikum kui n\u00e4iteks biomassi kasvatamine? Kui palju energiat on v\u00f5imalik saada tuuleparkidest? Kui palju me kulutame energiat transpordile, kui palju k\u00fcttele? Kas telefoni laadija seinast v\u00e4lja t\u00f5mbamine tasub vaeva?<\/p>\n<p>Ja k\u00fcsimust k\u00fcsimus: mida tuleks teha, et Eesti saaks fossiilk\u00fctustest loobuda?<\/p>\n<p>Vastuse saamiseks tuleb kokku panna energiabilanss kus \u00fchel pool on taastuvenergia tootmine, teisel pool energia tarbimine.\u00a0 Et kokku saavad bioloogia, f\u00fc\u00fcsika, geograafia ja keemia \u00f5petajad, siis on v\u00f5imalik ette v\u00f5tta k\u00f5ik taastuvenergia allikad\u2013 tuul, p\u00e4ike, geotermiline energia, biomass, t\u00f5usud ja m\u00f5\u00f5nad, lained ja h\u00fcdroenergia, samuti energia tarbimine k\u00fctmisel, transpordis, elektrienergia, toidu\u00a0ja asjade tootmises.<\/p>\n<p>Koolitusseminar on osalejatele tasuta.<\/p>\n<p><strong>Buss Voorele<\/strong> v\u00e4ljub Vanemuise alumisest parklaste esmasp\u00e4eval, 26.08 kell 13.45 ja tuleb tagasi teisip\u00e4eval kell 14.30.<\/p>\n<p><strong>Registreerumine<\/strong> on selleks korraks suletud. Huvilised andku endast teada e-mailitsi: kaido@fyysika.ee.<\/p>\n<p><a href=\"http:\/\/www.fyysika.ee\/vorgustik\/wp-content\/uploads\/2020\/04\/EL_Sotsiaalfond_horisontaalne-scaled.jpg\"><img loading=\"lazy\" class=\"alignleft size-medium wp-image-1861\" src=\"http:\/\/www.fyysika.ee\/vorgustik\/wp-content\/uploads\/2020\/04\/EL_Sotsiaalfond_horisontaalne-300x158.jpg\" alt=\"\" width=\"300\" height=\"158\" srcset=\"http:\/\/www.fyysika.ee\/vorgustik\/wp-content\/uploads\/2020\/04\/EL_Sotsiaalfond_horisontaalne-300x158.jpg 300w, http:\/\/www.fyysika.ee\/vorgustik\/wp-content\/uploads\/2020\/04\/EL_Sotsiaalfond_horisontaalne-1024x541.jpg 1024w, http:\/\/www.fyysika.ee\/vorgustik\/wp-content\/uploads\/2020\/04\/EL_Sotsiaalfond_horisontaalne-768x406.jpg 768w, http:\/\/www.fyysika.ee\/vorgustik\/wp-content\/uploads\/2020\/04\/EL_Sotsiaalfond_horisontaalne-1536x811.jpg 1536w, http:\/\/www.fyysika.ee\/vorgustik\/wp-content\/uploads\/2020\/04\/EL_Sotsiaalfond_horisontaalne-2048x1082.jpg 2048w\" sizes=\"(max-width: 300px) 100vw, 300px\" \/><\/a><br \/>\nKoolitusseminari korraldavad EFS f\u00fc\u00fcsika\u00f5petajate osakond ja T\u00dc koolif\u00fc\u00fcsika keskus koost\u00f6\u00f6s Eesti Bioloogia\u00f5petajate \u00dchinguga, Eesti Geograafia\u00f5petajate \u00dchinguga ja Eesti Keemi\u00f5petajate liiduga. Projekti toetatakse programmi \u201eP\u00e4devad ja motiveeritud \u00f5petajad ning haridusasutuste juhid\u201c tegevuse \u201e\u00d5petajate ja koolijuhtide professionaalse arengu toetamine\u201c kaudu.<\/p>\n<p><strong>KOOLITUSSEMINARI KAVA (t\u00e4iendamisel)<\/strong><\/p>\n<table width=\"692\">\n<tbody>\n<tr>\n<td colspan=\"2\"><strong>Esmasp\u00e4ev, 26.08<\/strong><\/td>\n<\/tr>\n<tr>\n<td>14:30<\/td>\n<td>Kogunemine, kohv ja suupisted<\/td>\n<\/tr>\n<tr>\n<td>15:00<\/td>\n<td><strong>Sissejuhatus<\/strong><\/td>\n<\/tr>\n<tr>\n<td>15:15<\/td>\n<td><strong>Energia ja v\u00f5imsus. Energiatarve, energiaallikad, energia kulutamine, energeetika?<br \/>\n<\/strong>Jaan Paaver (HTG)Mida peaksid iga\u00fcks teadma ja aru saama energiast ja v\u00f5imsusest.<\/td>\n<\/tr>\n<tr>\n<td>16:15<\/td>\n<td><b>Kuidas r\u00e4\u00e4kida taastuvenergiast?<br \/>\n<\/b>Kaido Reivelt (T\u00dc, EFS)Kuidas saaksime hakkama vaid taastuvaid energiaallikaid kasutades?Briti f\u00fc\u00fcsik ja matemaatik David John Cameron MacKay pakub v\u00e4lja k\u00e4sitluse, kus nii energia tootmine kui ka tarbimine teisendatakse &#8220;isiklikele&#8221; \u00fchikutele, esitades need d\u017eaulide ja\/v\u00f5i vattidena \u00fche inimese kohta.<\/td>\n<\/tr>\n<tr>\n<td>17:15<\/td>\n<td>Kohvipaus<\/td>\n<\/tr>\n<tr>\n<td>17.45<\/td>\n<td><strong>Paneeldiskussioon: Milline P\u00f5xit?<\/strong><\/p>\n<p>P\u00f5xit ehk p\u00f5levkivienergeetikast loobumine (ka P\u00d5XIT) on mitme Eesti rohelise organisatsiooni propageeritav kava Eesti t\u00e4ielikuks loobumiseks p\u00f5levkivi kasutamisest elektritootmisel. Arutame, argumenteerime, paneme laiemasse konteksti, harjutame energeetika teemadest r\u00e4\u00e4kimist.<\/td>\n<\/tr>\n<tr>\n<td>19.15<\/td>\n<td>Vaba aeg<\/td>\n<\/tr>\n<tr>\n<td>20.00<\/td>\n<td>\u00d5htus\u00f6\u00f6k, saun arutelud<\/td>\n<\/tr>\n<tr>\n<td colspan=\"2\"><strong>Teisip\u00e4ev, 27.08<\/strong><\/td>\n<\/tr>\n<tr>\n<td>9:00<\/td>\n<td>Hommikus\u00f6\u00f6k<\/td>\n<\/tr>\n<tr>\n<td>9:45<\/td>\n<td><strong>Elektrivabad j\u00f5ulud ehk kuidas elab ja hingab Eesti energiat\u00f6\u00f6stus l\u00e4bi keskkonnakaitsja silmade<\/strong><br \/>\nMadis Vasser (Eesti Roheline Liikumine)<\/td>\n<\/tr>\n<tr>\n<td>10:15<\/td>\n<td><strong>Milline v\u00f5iks olla tuule-, bio-, p\u00e4ikse- ja tuumaenergia ning vesinikuenergeetika arengukava Eestis aastani 2050? (teemad veel t\u00e4psustuvad)<\/strong><\/p>\n<p>Juhatame need valdkonnad l\u00fchidalt sisse, p\u00e4rast seda jaguneme r\u00fchmadesse ning proovime arutleda, igale r\u00fchmale \u00fcks valdkond.<\/td>\n<\/tr>\n<tr>\n<td>11:30<\/td>\n<td><strong>R\u00fchmat\u00f6\u00f6de l\u00fchiettekanded, arutelu<\/strong><\/td>\n<\/tr>\n<tr>\n<td>12:00<\/td>\n<td>Kohvipaus<\/td>\n<\/tr>\n<tr>\n<td>12:30<\/td>\n<td><strong>Kuidas viia loodusseaduste paratamatus \u00f5pilasteni?<\/strong><\/p>\n<p>Kui arvamustest on saanud numbrilised hinnangud, siis on aruteludest v\u00f5imalik ka konkreetsete, arusaadavate tulemusteni j\u00f5uda. Milliseid \u00f5ppevahendeid oleks selliste arutelude algatamiseks v\u00f5i l\u00e4biviimiseks vaja? Mida v\u00f5iksime reaalselt erinevates kooliastmetes saavutada? Kuidas selleni reaalselt j\u00f5uda?<\/td>\n<\/tr>\n<tr>\n<td>14:00<\/td>\n<td>L\u00f5unas\u00f6\u00f6k, p\u00e4rast seda buss Tartusse<\/td>\n<\/tr>\n<\/tbody>\n<\/table>\n<p>&nbsp;<\/p>\n","protected":false},"excerpt":{"rendered":"<p>Kutsume loodusainete \u00f5petajaid 26.-27. augustil Voore Puhkekeskuses toimuvale koolitusseminarile &#8220;Taastuvenergiast ilma udujututa&#8221;. Koolitusseminar on algatuseks projektile, kus bioloogia, geograafia, f\u00fc\u00fcsika ja keemia \u00f5petajad koos erinevate valdkondade spetsialistidega panevad j\u00e4rgneva poole aasta jooksul kokku \u00f5ppevahendite komplekti, mis v\u00f5imaldab \u00f5ppet\u00f6\u00f6s teadusp\u00f5hiselt, samas \u00f5pilastele arusaadavas v\u00f5tmes otsida vastust k\u00fcsimusele &#8220;Mida tuleks teha, et Eesti saaks fossiilk\u00fctustest loobuda?&#8221;\u00a0 J\u00e4tkusuutliku &hellip; <\/p>\n<p class=\"link-more\"><a href=\"http:\/\/www.fyysika.ee\/vorgustik\/?page_id=1594\" class=\"more-link\">Loe edasi<span class=\"screen-reader-text\"> &#8220;Koolitusseminar &#8220;Taastuvenergiast ilma udujututa&#8221;&#8221;<\/span><\/a><\/p>\n","protected":false},"author":1,"featured_media":0,"parent":0,"menu_order":0,"comment_status":"closed","ping_status":"closed","template":"","meta":[],"_links":{"self":[{"href":"http:\/\/www.fyysika.ee\/vorgustik\/index.php?rest_route=\/wp\/v2\/pages\/1594"}],"collection":[{"href":"http:\/\/www.fyysika.ee\/vorgustik\/index.php?rest_route=\/wp\/v2\/pages"}],"about":[{"href":"http:\/\/www.fyysika.ee\/vorgustik\/index.php?rest_route=\/wp\/v2\/types\/page"}],"author":[{"embeddable":true,"href":"http:\/\/www.fyysika.ee\/vorgustik\/index.php?rest_route=\/wp\/v2\/users\/1"}],"replies":[{"embeddable":true,"href":"http:\/\/www.fyysika.ee\/vorgustik\/index.php?rest_route=%2Fwp%2Fv2%2Fcomments&post=1594"}],"version-history":[{"count":28,"href":"http:\/\/www.fyysika.ee\/vorgustik\/index.php?rest_route=\/wp\/v2\/pages\/1594\/revisions"}],"predecessor-version":[{"id":1603,"href":"http:\/\/www.fyysika.ee\/vorgustik\/index.php?rest_route=\/wp\/v2\/pages\/1594\/revisions\/1603"}],"wp:attachment":[{"href":"http:\/\/www.fyysika.ee\/vorgustik\/index.php?rest_route=%2Fwp%2Fv2%2Fmedia&parent=1594"}],"curies":[{"name":"wp","href":"https:\/\/api.w.org\/{rel}","templated":true}]}}