{"id":122718,"date":"2010-04-03T11:21:39","date_gmt":"2010-04-03T08:21:39","guid":{"rendered":""},"modified":"2014-04-09T10:52:54","modified_gmt":"2014-04-09T07:52:54","slug":"fyysika.ee5","status":"publish","type":"page","link":"https:\/\/www.fyysika.ee\/?page_id=122718","title":{"rendered":"T\u00e4he perep\u00e4evad T&Auml;PE"},"content":{"rendered":"<h2><strong>Teadusbuss ja Eesti F\u00fc\u00fcsika Selts kutsuvad Tartusse T\u00e4he Perep\u00e4evadele 27.-28. aprillil 2013!<\/strong><\/h2>\n<table width=\"100\" border=\"0\" align=\"right\">\n<tr>\n<td><a href=\"http:\/\/www.fyysika.ee\/images\/TAPE-2013-plakats-JPG.jpg\" target=\"_blank\"><img decoding=\"async\" src=\"http:\/\/www.fyysika.ee\/images\/TAPE-2013-plakats-JPG_v.jpg\" align=\"right\"><\/a><\/td>\n<\/tr>\n<tr>\n<td><a href=\"http:\/\/www.fyysika.ee\/doc\/TAPE-2013-plakats.pdf\">Lae alla pdf<\/a><\/td>\n<\/tr>\n<\/table>\n<p><strong>Pressiteade: Teadusbuss ja Eesti F\u00fc\u00fcsika Selts kutsuvad  T\u00e4he   Perep\u00e4evadele 27.-28. aprillil 2013! \u00dcritus toimub Tartus, T\u00e4he 4 asuvas   f\u00fc\u00fcsikahoones. <br \/>\n<\/strong><\/p>\n<p><strong>Kahel p\u00e4eval saab vaadata k\u00f5iksugu lahedaid katseid ning proovida   mitmesuguseid toredaid tegevusi. T\u00e4he 4 on ka see hoone, kus valmis   suurem osa Eesti  Tudengisatelliidist. M\u00f5lemal p\u00e4eval toimuvad   ekskursioonid p\u00e4ris satelliidiehituse s\u00fcdamesse, so ruumidesse, kus meie   esimene satelliit v\u00e4lja m\u00f5eldi ja valmis ehitati ning saavad oma   silmaga n\u00e4ha seda antenni,  mille abil varsti orbiidile lendava   satelliidiga \u00fchendust pidama  hakatakse.<\/strong><\/p>\n<p>Saab veenduda, et maakera t\u00f5epoolest p\u00f6\u00f6rleb, proovida Segway ja   h\u00f5ljukiga s\u00f5itmist ning  \u00f5hukahuritega laskmist. Teeme udu, tuld ja   pauku. Majas sees toimuvad  erinevad t\u00f6\u00f6toad keemia, bioloogia,   materjaliteaduse ning robootika teemal.  Mitmete demolaudade ja p\u00f5nevate   katsevahendite seas on kohal akustikud, kes  v\u00f5tavad tolmukihi alt   v\u00e4lja k\u00f5ik oma imetabased muusikariistad. Loomulikult  n\u00e4itame oma   p\u00f5nevamaid katseid ja seadeldisi, nii etendustega ringi s\u00f5itvaid  kui ka   suuremaid ja paiksemaid.<\/p>\n<p>Nagu  Teadusbussile kohane, ei puudu meie \u00fcrituselt teadusteatri   etendused. N\u00e4ha saab  keemia-, f\u00fc\u00fcsika- ja atmosf\u00e4\u00e4rietendusi. K\u00f5ige   v\u00e4iksemate k\u00fclastajate r\u00f5\u00f5muks  on avatud lastetuba, kus p\u00f5nnidega   tegelevad noored \u00f5petajad. Avatud on kohvik,  esineb keemikute b\u00e4nd ja   maja peal leidub muudki p\u00f5nevat!<\/p>\n<p>T\u00e4pe on avatud:<\/p>\n<p>Laup\u00e4eval 11-18<br \/>\n  P\u00fchap\u00e4eval 11-16<br \/>\nSissep\u00e4\u00e4s k\u00f5igile prii.<\/p>\n<p>Eelmise T\u00e4pe pildigalerii:<a href=\"http:\/\/www.fyysika.ee\/fyysika\/galerii?reisid=961\"><font color=\"#0000ff\"><br \/>\nhttp:\/\/www.fyysika.ee\/fyysika\/galerii?reisid=961<\/font><\/a><\/p>\n<p>T&auml;psem info: <br \/>\n  Alex N\u00f5omaa (5235018, <a href=\"mailto:alexn@ut.ee\"><font color=\"#0000ff\">alexn@ut.ee<\/font><\/a>)<\/p>\n","protected":false},"excerpt":{"rendered":"<p>Teadusbuss ja Eesti F\u00fc\u00fcsika Selts kutsuvad Tartusse T\u00e4he Perep\u00e4evadele 27.-28. aprillil 2013! Lae alla pdf Pressiteade: Teadusbuss ja Eesti F\u00fc\u00fcsika Selts kutsuvad T\u00e4he Perep\u00e4evadele 27.-28. aprillil 2013! \u00dcritus toimub Tartus, T\u00e4he 4 asuvas f\u00fc\u00fcsikahoones. Kahel p\u00e4eval saab vaadata k\u00f5iksugu lahedaid katseid ning proovida mitmesuguseid toredaid tegevusi. T\u00e4he 4 on ka see hoone, kus valmis suurem [&hellip;]<\/p>\n","protected":false},"author":28,"featured_media":0,"parent":0,"menu_order":0,"comment_status":"open","ping_status":"closed","template":"","meta":{"_genesis_hide_title":false,"_genesis_hide_breadcrumbs":false,"_genesis_hide_singular_image":false,"_genesis_hide_footer_widgets":false,"_genesis_custom_body_class":"","_genesis_custom_post_class":"","_genesis_layout":"","footnotes":""},"class_list":{"0":"post-122718","1":"page","2":"type-page","3":"status-publish","5":"entry"},"_links":{"self":[{"href":"https:\/\/www.fyysika.ee\/index.php?rest_route=\/wp\/v2\/pages\/122718","targetHints":{"allow":["GET"]}}],"collection":[{"href":"https:\/\/www.fyysika.ee\/index.php?rest_route=\/wp\/v2\/pages"}],"about":[{"href":"https:\/\/www.fyysika.ee\/index.php?rest_route=\/wp\/v2\/types\/page"}],"author":[{"embeddable":true,"href":"https:\/\/www.fyysika.ee\/index.php?rest_route=\/wp\/v2\/users\/28"}],"replies":[{"embeddable":true,"href":"https:\/\/www.fyysika.ee\/index.php?rest_route=%2Fwp%2Fv2%2Fcomments&post=122718"}],"version-history":[{"count":0,"href":"https:\/\/www.fyysika.ee\/index.php?rest_route=\/wp\/v2\/pages\/122718\/revisions"}],"wp:attachment":[{"href":"https:\/\/www.fyysika.ee\/index.php?rest_route=%2Fwp%2Fv2%2Fmedia&parent=122718"}],"curies":[{"name":"wp","href":"https:\/\/api.w.org\/{rel}","templated":true}]}}