{"id":122744,"date":"2010-04-03T11:21:39","date_gmt":"2010-04-03T08:21:39","guid":{"rendered":""},"modified":"2016-11-19T00:04:10","modified_gmt":"2016-11-18T21:04:10","slug":"fyysika-ee40016","status":"publish","type":"page","link":"https:\/\/www.fyysika.ee\/?page_id=122744","title":{"rendered":"2013.a. s\u00fcgiskool"},"content":{"rendered":"<h2>2013.a. s\u00fcgiskool<\/h2>\n<p>S\u00fcgiskool toimus <strong>1.-3.novembril 2013.a. Voore k\u00fclalistemajas<\/strong>.<\/p>\n<p><strong>Kava<\/strong><\/p>\n<table dir=\"ltr\" border=\"1\" cellspacing=\"0\" cellpadding=\"0\">\n<colgroup>\n<col width=\"56\" \/>\n<col width=\"364\" \/><\/colgroup>\n<tbody>\n<tr>\n<td colspan=\"2\" rowspan=\"1\" data-sheets-value=\"{&quot;1&quot;:2,&quot;2&quot;:&quot;Esimene p\\u00e4ev, 01.11&quot;}\"><strong>Esimene p\u00e4ev, 01.11<\/strong><\/td>\n<\/tr>\n<tr>\n<td data-sheets-value=\"{&quot;1&quot;:3,&quot;3&quot;:0.5416666666666666}\" data-sheets-numberformat=\"[null,7,&quot;H:mm&quot;,1]\">13:00<\/td>\n<td data-sheets-value=\"{&quot;1&quot;:2,&quot;2&quot;:&quot;Kogunemine, kohv&quot;}\">Kogunemine, kohv<\/td>\n<\/tr>\n<tr>\n<td data-sheets-value=\"{&quot;1&quot;:3,&quot;3&quot;:0.5833333333333334}\" data-sheets-numberformat=\"[null,7,&quot;H:mm&quot;,1]\">14:00<\/td>\n<td data-sheets-value=\"{&quot;1&quot;:2,&quot;2&quot;:&quot;Avas\\u00f5nad&quot;}\">Avas\u00f5nad<\/td>\n<\/tr>\n<tr>\n<td data-sheets-value=\"{&quot;1&quot;:3,&quot;3&quot;:0.59375}\" data-sheets-numberformat=\"[null,7,&quot;H:mm&quot;,1]\">14:15<\/td>\n<td data-sheets-value=\"{&quot;1&quot;:2,&quot;2&quot;:&quot;Jaan Ross \\&quot;Helivoogude r\\u00fchmitamisest\\&quot;\\n&quot;}\">Jaan Ross &#8220;Helivoogude r\u00fchmitamisest&#8221;<\/td>\n<\/tr>\n<tr>\n<td data-sheets-value=\"{&quot;1&quot;:3,&quot;3&quot;:0.625}\" data-sheets-numberformat=\"[null,7,&quot;H:mm&quot;,1]\">15:00<\/td>\n<td data-sheets-value=\"{&quot;1&quot;:2,&quot;2&quot;:&quot;Margus Niitsoo \\&quot;Teoreetiline arvutiteadus\\&quot;&quot;}\">Margus Niitsoo &#8220;Teoreetiline arvutiteadus&#8221;<\/td>\n<\/tr>\n<tr>\n<td data-sheets-value=\"{&quot;1&quot;:3,&quot;3&quot;:0.6666666666666666}\" data-sheets-numberformat=\"[null,7,&quot;H:mm&quot;,1]\">16:00<\/td>\n<td data-sheets-value=\"{&quot;1&quot;:2,&quot;2&quot;:&quot;Kohvipaus&quot;}\">Kohvipaus<\/td>\n<\/tr>\n<tr>\n<td data-sheets-value=\"{&quot;1&quot;:3,&quot;3&quot;:0.6875}\" data-sheets-numberformat=\"[null,7,&quot;H:mm&quot;,1]\">16:30<\/td>\n<td data-sheets-value=\"{&quot;1&quot;:2,&quot;2&quot;:&quot;Maarja Grossberg, \\&quot;Kesteriitsed absorbermaterjalid,\\n p\\u00e4ikesepatareidele\\&quot;&quot;}\">Maarja Grossberg, &#8220;Kesteriitsed absorbermaterjalid,<br \/>\np\u00e4ikesepatareidele&#8221;<\/td>\n<\/tr>\n<tr>\n<td data-sheets-value=\"{&quot;1&quot;:3,&quot;3&quot;:0.75}\" data-sheets-numberformat=\"[null,7,&quot;H:mm&quot;,1]\">18:00<\/td>\n<td data-sheets-value=\"{&quot;1&quot;:2,&quot;2&quot;:&quot;\\u00d5htus\\u00f6\\u00f6k&quot;}\">\u00d5htus\u00f6\u00f6k<\/td>\n<\/tr>\n<tr>\n<td data-sheets-value=\"{&quot;1&quot;:3,&quot;3&quot;:0.8333333333333334}\" data-sheets-numberformat=\"[null,7,&quot;H:mm&quot;,1]\">20:00<\/td>\n<td data-sheets-value=\"{&quot;1&quot;:2,&quot;2&quot;:&quot;Viktoriin, disko- ja tantsu\\u00f5htu&quot;}\">Viktoriin, disko- ja tantsu\u00f5htu<\/td>\n<\/tr>\n<tr>\n<td colspan=\"2\" rowspan=\"1\" data-sheets-value=\"{&quot;1&quot;:2,&quot;2&quot;:&quot;Teine p\\u00e4ev, 02.11&quot;}\"><strong>Teine p\u00e4ev, 02.11<\/strong><\/td>\n<\/tr>\n<tr>\n<td data-sheets-value=\"{&quot;1&quot;:3,&quot;3&quot;:0.375}\" data-sheets-numberformat=\"[null,7,&quot;H:mm&quot;,1]\">9:00<\/td>\n<td data-sheets-value=\"{&quot;1&quot;:2,&quot;2&quot;:&quot;Hommikus\\u00f6\\u00f6k&quot;}\">Hommikus\u00f6\u00f6k<\/td>\n<\/tr>\n<tr>\n<td data-sheets-value=\"{&quot;1&quot;:5,&quot;5&quot;:{&quot;1&quot;:4,&quot;2&quot;:18}}\" data-sheets-numberformat=\"[null,7,&quot;H:mm&quot;,1]\" data-sheets-formula=\"=R[-1]C[0]+#REF!\">10:00<\/td>\n<td data-sheets-value=\"{&quot;1&quot;:2,&quot;2&quot;:&quot;Tarmo Tamm \\&quot;Kunstlihased, milleks ja kuidas?\\&quot;&quot;}\">Tarmo Tamm &#8220;Kunstlihased, milleks ja kuidas?&#8221;<\/td>\n<\/tr>\n<tr>\n<td data-sheets-value=\"{&quot;1&quot;:3,&quot;3&quot;:0.4583333333333333}\" data-sheets-numberformat=\"[null,7,&quot;H:mm&quot;,1]\">11:00<\/td>\n<td data-sheets-value=\"{&quot;1&quot;:2,&quot;2&quot;:&quot;Sheldon Landsberger \\&quot;Challenges in Nuclear Science and Engineering\\&quot;&quot;}\">Sheldon Landsberger &#8220;Challenges in Nuclear Science and Engineering&#8221;<\/td>\n<\/tr>\n<tr>\n<td data-sheets-value=\"{&quot;1&quot;:3,&quot;3&quot;:0.5416666666666666}\" data-sheets-numberformat=\"[null,7,&quot;H:mm&quot;,1]\">13:00<\/td>\n<td data-sheets-value=\"{&quot;1&quot;:2,&quot;2&quot;:&quot;L\\u00f5unas\\u00f6\\u00f6k&quot;}\">L\u00f5unas\u00f6\u00f6k<\/td>\n<\/tr>\n<tr>\n<td data-sheets-value=\"{&quot;1&quot;:5,&quot;5&quot;:{&quot;1&quot;:4,&quot;2&quot;:18}}\" data-sheets-numberformat=\"[null,7,&quot;H:mm&quot;,1]\" data-sheets-formula=\"=R[-1]C[0]+#REF!\">14:00<\/td>\n<td data-sheets-value=\"{&quot;1&quot;:2,&quot;2&quot;:&quot;Kaupo Kukli \\&quot;Nanostruktuursed materjalid ja elektromagnetism\\&quot;&quot;}\">Kaupo Kukli &#8220;Nanostruktuursed materjalid ja elektromagnetism&#8221;<\/td>\n<\/tr>\n<tr>\n<td data-sheets-value=\"{&quot;1&quot;:3,&quot;3&quot;:0.625}\" data-sheets-numberformat=\"[null,7,&quot;H:mm&quot;,1]\">15:00<\/td>\n<td data-sheets-value=\"{&quot;1&quot;:2,&quot;2&quot;:&quot;Leo M\\u00f5tus \\&quot;K\\u00fcberf\\u00fc\\u00fcsikalised s\\u00fcsteemid ja iseorganiseerumine\\&quot;&quot;}\">Leo M\u00f5tus &#8220;K\u00fcberf\u00fc\u00fcsikalised s\u00fcsteemid ja iseorganiseerumine&#8221;<\/td>\n<\/tr>\n<tr>\n<td data-sheets-value=\"{&quot;1&quot;:5,&quot;5&quot;:{&quot;1&quot;:4,&quot;2&quot;:18}}\" data-sheets-numberformat=\"[null,7,&quot;H:mm&quot;,1]\" data-sheets-formula=\"=R[-1]C[0]+#REF!\">16:00<\/td>\n<td data-sheets-value=\"{&quot;1&quot;:2,&quot;2&quot;:&quot;J\\u00fcrgen Vahter \\&quot;Proteiinkinaasi CK2 bisubstraatsete inhibiitorite arendus\\&quot;&quot;}\">J\u00fcrgen Vahter &#8220;Proteiinkinaasi CK2 bisubstraatsete inhibiitorite arendus&#8221;<\/td>\n<\/tr>\n<tr>\n<td data-sheets-value=\"{&quot;1&quot;:5,&quot;5&quot;:{&quot;1&quot;:4,&quot;2&quot;:18}}\" data-sheets-numberformat=\"[null,7,&quot;H:mm&quot;,1]\" data-sheets-formula=\"=R[-1]C[0]+#REF!\">16:30<\/td>\n<td data-sheets-value=\"{&quot;1&quot;:2,&quot;2&quot;:&quot;Kohvipaus&quot;}\">Kohvipaus<\/td>\n<\/tr>\n<tr>\n<td data-sheets-value=\"{&quot;1&quot;:3,&quot;3&quot;:0.7083333333333334}\" data-sheets-numberformat=\"[null,7,&quot;H:mm&quot;,1]\">17:00<\/td>\n<td data-sheets-value=\"{&quot;1&quot;:2,&quot;2&quot;:&quot;Seiklusm\\u00e4ng&quot;}\">Seiklusm\u00e4ng<\/td>\n<\/tr>\n<tr>\n<td data-sheets-value=\"{&quot;1&quot;:3,&quot;3&quot;:0.7916666666666666}\" data-sheets-numberformat=\"[null,7,&quot;H:mm&quot;,1]\">19:00<\/td>\n<td data-sheets-value=\"{&quot;1&quot;:2,&quot;2&quot;:&quot;\\u00d5htus\\u00f6\\u00f6k&quot;}\">\u00d5htus\u00f6\u00f6k<\/td>\n<\/tr>\n<tr>\n<td data-sheets-value=\"{&quot;1&quot;:3,&quot;3&quot;:0.8333333333333334}\" data-sheets-numberformat=\"[null,7,&quot;H:mm&quot;,1]\">20:00<\/td>\n<td data-sheets-value=\"{&quot;1&quot;:2,&quot;2&quot;:&quot;Film, ...&quot;}\">Film, &#8230;<\/td>\n<\/tr>\n<tr>\n<td colspan=\"2\" rowspan=\"1\" data-sheets-value=\"{&quot;1&quot;:2,&quot;2&quot;:&quot;Kolmas p\\u00e4ev, 03.11&quot;}\"><strong>Kolmas p\u00e4ev, 03.11<\/strong><\/td>\n<\/tr>\n<tr>\n<td data-sheets-value=\"{&quot;1&quot;:3,&quot;3&quot;:0.375}\" data-sheets-numberformat=\"[null,7,&quot;H:mm&quot;,1]\">9:00<\/td>\n<td data-sheets-value=\"{&quot;1&quot;:2,&quot;2&quot;:&quot;Hommikus\\u00f6\\u00f6k&quot;}\">Hommikus\u00f6\u00f6k<\/td>\n<\/tr>\n<tr>\n<td data-sheets-value=\"{&quot;1&quot;:5,&quot;5&quot;:{&quot;1&quot;:4,&quot;2&quot;:18}}\" data-sheets-numberformat=\"[null,7,&quot;H:mm&quot;,1]\" data-sheets-formula=\"=R[-1]C[0]+#REF!\">10:00<\/td>\n<td data-sheets-value=\"{&quot;1&quot;:2,&quot;2&quot;:&quot;Koit Herodes \\&quot;Kromatograafiast ja massispektromeetriast\\&quot;&quot;}\">Koit Herodes &#8220;Kromatograafiast ja massispektromeetriast&#8221;<\/td>\n<\/tr>\n<tr>\n<td data-sheets-value=\"{&quot;1&quot;:5,&quot;5&quot;:{&quot;1&quot;:4,&quot;2&quot;:18}}\" data-sheets-numberformat=\"[null,7,&quot;H:mm&quot;,1]\" data-sheets-formula=\"=R[-1]C[0]+#REF!\">11:00<\/td>\n<td data-sheets-value=\"{&quot;1&quot;:2,&quot;2&quot;:&quot;Raul Vicente Zafra \\&quot;From laser dynamics to theoretical neuroscience: the random bridges in scientific research\\&quot;&quot;}\">Raul Vicente Zafra &#8220;From laser dynamics to theoretical neuroscience: the random bridges in scientific research&#8221;<\/td>\n<\/tr>\n<tr>\n<td data-sheets-value=\"{&quot;1&quot;:5,&quot;5&quot;:{&quot;1&quot;:4,&quot;2&quot;:18}}\" data-sheets-numberformat=\"[null,7,&quot;H:mm&quot;,1]\" data-sheets-formula=\"=R[-1]C[0]+#REF!\">12:00<\/td>\n<td data-sheets-value=\"{&quot;1&quot;:2,&quot;2&quot;:&quot;Tarmo Soomere \\&quot;L\\u00e4\\u00e4nemere rannik inimeste ja looduse surve all\\&quot; &quot;}\">Tarmo Soomere &#8220;L\u00e4\u00e4nemere rannik inimeste ja looduse surve all&#8221;<\/td>\n<\/tr>\n<tr>\n<td data-sheets-value=\"{&quot;1&quot;:5,&quot;5&quot;:{&quot;1&quot;:4,&quot;2&quot;:18}}\" data-sheets-numberformat=\"[null,7,&quot;H:mm&quot;,1]\" data-sheets-formula=\"=R[-2]C[0]+2*#REF!\">13:00<\/td>\n<td data-sheets-value=\"{&quot;1&quot;:2,&quot;2&quot;:&quot;L\\u00f5petamine, autasustamine, kohv&quot;}\">L\u00f5petamine, autasustamine, kohv<\/td>\n<\/tr>\n<\/tbody>\n<\/table>\n<p>&nbsp;<\/p>\n<p>&nbsp;<\/p>\n","protected":false},"excerpt":{"rendered":"<p>2013.a. s\u00fcgiskool S\u00fcgiskool toimus 1.-3.novembril 2013.a. Voore k\u00fclalistemajas. Kava Esimene p\u00e4ev, 01.11 13:00 Kogunemine, kohv 14:00 Avas\u00f5nad 14:15 Jaan Ross &#8220;Helivoogude r\u00fchmitamisest&#8221; 15:00 Margus Niitsoo &#8220;Teoreetiline arvutiteadus&#8221; 16:00 Kohvipaus 16:30 Maarja Grossberg, &#8220;Kesteriitsed absorbermaterjalid, p\u00e4ikesepatareidele&#8221; 18:00 \u00d5htus\u00f6\u00f6k 20:00 Viktoriin, disko- ja tantsu\u00f5htu Teine p\u00e4ev, 02.11 9:00 Hommikus\u00f6\u00f6k 10:00 Tarmo Tamm &#8220;Kunstlihased, milleks ja kuidas?&#8221; 11:00 [&hellip;]<\/p>\n","protected":false},"author":28,"featured_media":0,"parent":0,"menu_order":0,"comment_status":"open","ping_status":"closed","template":"","meta":{"_genesis_hide_title":false,"_genesis_hide_breadcrumbs":false,"_genesis_hide_singular_image":false,"_genesis_hide_footer_widgets":false,"_genesis_custom_body_class":"","_genesis_custom_post_class":"","_genesis_layout":"","footnotes":""},"class_list":{"0":"post-122744","1":"page","2":"type-page","3":"status-publish","5":"entry"},"_links":{"self":[{"href":"https:\/\/www.fyysika.ee\/index.php?rest_route=\/wp\/v2\/pages\/122744","targetHints":{"allow":["GET"]}}],"collection":[{"href":"https:\/\/www.fyysika.ee\/index.php?rest_route=\/wp\/v2\/pages"}],"about":[{"href":"https:\/\/www.fyysika.ee\/index.php?rest_route=\/wp\/v2\/types\/page"}],"author":[{"embeddable":true,"href":"https:\/\/www.fyysika.ee\/index.php?rest_route=\/wp\/v2\/users\/28"}],"replies":[{"embeddable":true,"href":"https:\/\/www.fyysika.ee\/index.php?rest_route=%2Fwp%2Fv2%2Fcomments&post=122744"}],"version-history":[{"count":0,"href":"https:\/\/www.fyysika.ee\/index.php?rest_route=\/wp\/v2\/pages\/122744\/revisions"}],"wp:attachment":[{"href":"https:\/\/www.fyysika.ee\/index.php?rest_route=%2Fwp%2Fv2%2Fmedia&parent=122744"}],"curies":[{"name":"wp","href":"https:\/\/api.w.org\/{rel}","templated":true}]}}