{"id":122748,"date":"2010-04-03T11:21:39","date_gmt":"2010-04-03T08:21:39","guid":{"rendered":""},"modified":"2016-11-28T11:41:06","modified_gmt":"2016-11-28T08:41:06","slug":"fyysika-ee40008","status":"publish","type":"page","link":"https:\/\/www.fyysika.ee\/?page_id=122748","title":{"rendered":"2011. a. suvekool"},"content":{"rendered":"<p>EFS T\u00e4ppisteaduste Suvekool 2011\u00a0 toimus 27. \u2013 29. juuni 2011, Nelij\u00e4rve Puhkekeskus<\/p>\n<p><strong>Kava<\/strong><\/p>\n<table cellspacing=\"0\" cellpadding=\"5\" align=\"center\">\n<tbody>\n<tr>\n<td bgcolor=\"#FFFF00\" width=\"90\"><strong>27.6.11<\/strong><\/td>\n<td bgcolor=\"#FFFF00\" width=\"531\"><\/td>\n<\/tr>\n<tr>\n<td valign=\"top\">12:00<\/td>\n<td valign=\"top\">Kogunemine<\/td>\n<\/tr>\n<tr>\n<td valign=\"top\">13.00<\/td>\n<td valign=\"top\">L\u00f5unas\u00f6\u00f6k<\/td>\n<\/tr>\n<tr>\n<td valign=\"top\">13:45<\/td>\n<td valign=\"top\">Avas\u00f5nad<\/td>\n<\/tr>\n<tr>\n<td valign=\"top\">14:00<\/td>\n<td rowspan=\"2\" valign=\"top\" width=\"531\">Eesti energiavalikud<br \/>\n<strong>Erik Puura<\/strong> (T\u00dc TI)<\/td>\n<\/tr>\n<tr>\n<td valign=\"top\"><\/td>\n<\/tr>\n<tr>\n<td valign=\"top\">15:30<\/td>\n<td rowspan=\"2\" valign=\"top\" width=\"531\">Robotid asendamas inimkonda<br \/>\n<strong>Karl Kruusam\u00e4e<\/strong> (T\u00dc TI)<\/td>\n<\/tr>\n<tr>\n<td valign=\"top\"><\/td>\n<\/tr>\n<tr>\n<td valign=\"top\">18:30<\/td>\n<td valign=\"top\" width=\"531\">Eesti F\u00fc\u00fcsika Seltsi tegemistest<br \/>\n<strong>Taavi Adamberg<\/strong><\/td>\n<\/tr>\n<tr>\n<td valign=\"top\">19:15<\/td>\n<td valign=\"top\">\u00d5htus\u00f6\u00f6k<\/td>\n<\/tr>\n<tr>\n<td valign=\"top\">20:15<\/td>\n<td valign=\"top\">\u00d5htune jutunurk<\/td>\n<\/tr>\n<tr>\n<td valign=\"top\"><\/td>\n<td valign=\"top\">Uni<\/td>\n<\/tr>\n<tr>\n<td bgcolor=\"#FFFF00\">28.6.11<\/td>\n<td bgcolor=\"#FFFF00\"><\/td>\n<\/tr>\n<tr>\n<td valign=\"top\">8:30<\/td>\n<td valign=\"top\">Hommikus\u00f6\u00f6k<\/td>\n<\/tr>\n<tr>\n<td valign=\"top\">9:30<\/td>\n<td rowspan=\"2\" valign=\"top\" width=\"531\">Planeetide kaugseire<br \/>\n<strong>Jaan Praks<\/strong><\/td>\n<\/tr>\n<tr>\n<td valign=\"top\"><\/td>\n<\/tr>\n<tr>\n<td valign=\"top\">11:00<\/td>\n<td rowspan=\"2\" valign=\"top\" width=\"531\">Kiirendid ja tume aine<br \/>\n<strong>Kristjan Kannik<\/strong>e<\/td>\n<\/tr>\n<tr>\n<td valign=\"top\"><\/td>\n<\/tr>\n<tr>\n<td valign=\"top\">12:30<\/td>\n<td valign=\"top\" width=\"531\">Taevavaatlused ja kosmoseturism<br \/>\n<strong>Raivo Hein<\/strong><\/td>\n<\/tr>\n<tr>\n<td valign=\"top\">13:15<\/td>\n<td valign=\"top\">L\u00f5unas\u00f6\u00f6k<\/td>\n<\/tr>\n<tr>\n<td valign=\"top\">14:15<\/td>\n<td valign=\"top\" width=\"531\">Materjalide mikro-disain sool-geel meetodil<br \/>\n<strong>Martin J\u00e4rvek\u00fclg<\/strong> (T\u00dc FI)<\/td>\n<\/tr>\n<tr>\n<td valign=\"top\">15:00<\/td>\n<td rowspan=\"2\" valign=\"top\" width=\"531\">Kuidas Andmetele \u00fclalt alla vaadata<br \/>\n<strong>Leo V\u00f5handu<\/strong><\/td>\n<\/tr>\n<tr>\n<td valign=\"top\"><\/td>\n<\/tr>\n<tr>\n<td valign=\"top\">16:00<\/td>\n<td valign=\"top\">Kohvipaus<\/td>\n<\/tr>\n<tr>\n<td valign=\"top\">17:45<\/td>\n<td rowspan=\"2\" valign=\"top\" width=\"531\">Geneetika ja f\u00fc\u00fcsika<br \/>\n<strong>Erkki Truve<\/strong> (TT\u00dc)<\/td>\n<\/tr>\n<tr>\n<td valign=\"top\"><\/td>\n<\/tr>\n<tr>\n<td valign=\"top\">19:15<\/td>\n<td valign=\"top\">\u00d5htus\u00f6\u00f6k<\/td>\n<\/tr>\n<tr>\n<td valign=\"top\">20:45<\/td>\n<td valign=\"top\" width=\"531\">Sportm\u00e4ngud<\/td>\n<\/tr>\n<tr>\n<td valign=\"top\"><\/td>\n<td valign=\"top\">Uni<\/td>\n<\/tr>\n<tr>\n<td bgcolor=\"#FFFF00\">29.6.11<\/td>\n<td bgcolor=\"#FFFF00\"><\/td>\n<\/tr>\n<tr>\n<td valign=\"top\">8:30<\/td>\n<td valign=\"top\">Hommikus\u00f6\u00f6k<\/td>\n<\/tr>\n<tr>\n<td valign=\"top\">9:30<\/td>\n<td rowspan=\"2\" valign=\"top\" width=\"531\">Sipelgad, matemaatika, lennuliiklus<br \/>\n<strong>Roland Pihlakas<\/strong><\/td>\n<\/tr>\n<tr>\n<td valign=\"top\"><\/td>\n<\/tr>\n<tr>\n<td valign=\"top\">11:00<\/td>\n<td valign=\"top\" width=\"531\">R\u00e4nioru salajane ajalugu<br \/>\n<strong>Tanel Anila<\/strong><\/td>\n<\/tr>\n<tr>\n<td valign=\"top\">12:00<\/td>\n<td valign=\"top\">\u00dchispilt, l\u00f5putseremoonia<\/td>\n<\/tr>\n<tr>\n<td valign=\"top\">13:00<\/td>\n<td valign=\"top\">L\u00f5unas\u00f6\u00f6k<\/td>\n<\/tr>\n<\/tbody>\n<\/table>\n<p style=\"text-align: justify;\"><b><span lang=\"ET\">Kontakt<\/span><\/b><\/p>\n<p>Aigar Vaigu<br \/>\n<span lang=\"ET\">Kaido Reivelt<\/span><\/p>\n<p>[lg_folder folder=&#8221;Suvekool2011\/&#8221; paging=&#8221;false&#8221;]<\/p>\n","protected":false},"excerpt":{"rendered":"<p>EFS T\u00e4ppisteaduste Suvekool 2011\u00a0 toimus 27. \u2013 29. juuni 2011, Nelij\u00e4rve Puhkekeskus Kava 27.6.11 12:00 Kogunemine 13.00 L\u00f5unas\u00f6\u00f6k 13:45 Avas\u00f5nad 14:00 Eesti energiavalikud Erik Puura (T\u00dc TI) 15:30 Robotid asendamas inimkonda Karl Kruusam\u00e4e (T\u00dc TI) 18:30 Eesti F\u00fc\u00fcsika Seltsi tegemistest Taavi Adamberg 19:15 \u00d5htus\u00f6\u00f6k 20:15 \u00d5htune jutunurk Uni 28.6.11 8:30 Hommikus\u00f6\u00f6k 9:30 Planeetide kaugseire Jaan [&hellip;]<\/p>\n","protected":false},"author":28,"featured_media":0,"parent":0,"menu_order":0,"comment_status":"open","ping_status":"closed","template":"","meta":{"_genesis_hide_title":false,"_genesis_hide_breadcrumbs":false,"_genesis_hide_singular_image":false,"_genesis_hide_footer_widgets":false,"_genesis_custom_body_class":"","_genesis_custom_post_class":"","_genesis_layout":"","footnotes":""},"class_list":{"0":"post-122748","1":"page","2":"type-page","3":"status-publish","5":"entry"},"_links":{"self":[{"href":"https:\/\/www.fyysika.ee\/index.php?rest_route=\/wp\/v2\/pages\/122748","targetHints":{"allow":["GET"]}}],"collection":[{"href":"https:\/\/www.fyysika.ee\/index.php?rest_route=\/wp\/v2\/pages"}],"about":[{"href":"https:\/\/www.fyysika.ee\/index.php?rest_route=\/wp\/v2\/types\/page"}],"author":[{"embeddable":true,"href":"https:\/\/www.fyysika.ee\/index.php?rest_route=\/wp\/v2\/users\/28"}],"replies":[{"embeddable":true,"href":"https:\/\/www.fyysika.ee\/index.php?rest_route=%2Fwp%2Fv2%2Fcomments&post=122748"}],"version-history":[{"count":0,"href":"https:\/\/www.fyysika.ee\/index.php?rest_route=\/wp\/v2\/pages\/122748\/revisions"}],"wp:attachment":[{"href":"https:\/\/www.fyysika.ee\/index.php?rest_route=%2Fwp%2Fv2%2Fmedia&parent=122748"}],"curies":[{"name":"wp","href":"https:\/\/api.w.org\/{rel}","templated":true}]}}