{"id":122827,"date":"2015-09-14T22:46:05","date_gmt":"2015-09-14T19:46:05","guid":{"rendered":"http:\/\/www.fyysika.ee\/?page_id=122827"},"modified":"2025-09-20T12:18:18","modified_gmt":"2025-09-20T09:18:18","slug":"eesti-fuusika-selts","status":"publish","type":"page","link":"https:\/\/www.fyysika.ee\/?page_id=122827","title":{"rendered":"Eesti F\u00fc\u00fcsika Selts"},"content":{"rendered":"\n<p>Eesti F\u00fc\u00fcsika Selts (EFS) on vabatahtlik mittetulunduslik teadusselts, mis \u00fchendab Eestis tegutsevaid v\u00f5i Eestiga seotud f\u00fc\u00fcsikuid ja f\u00fc\u00fcsikaga seotud inimesi. EFS on asutatud 19. mail 1989. a.<\/p>\n\n\n\n<p>Registreerimisnumber: 80046424<br>Pangarekvisiidid: EE052200001120073071 Swedbank<\/p>\n\n\n\n<p>Kontakt: efs@fyysika.ee, 5143349<br>W. Ostwaldi tn 1, 50411 Tartu<\/p>\n\n\n\n<p><strong>Seltsi juhatus<\/strong><\/p>\n\n\n\n<p>Kaido Reivelt (esimees)<br>Moorits Mihkel Muru<br>Riina Murulaid<br>Rauno Neito<\/p>\n\n\n\n<h4 class=\"wp-block-heading\">Eesm\u00e4rgid<\/h4>\n\n\n\n<p>\u00dchingu eesm\u00e4rgid on:<\/p>\n\n\n\n<ul class=\"wp-block-list\">\n<li>f\u00fc\u00fcsikateaduse arengu toetamine;<\/li>\n\n\n\n<li>f\u00fc\u00fcsikalise maailmapildi propageerimine;<\/li>\n\n\n\n<li>f\u00fc\u00fcsikahariduse edendamine.<\/li>\n<\/ul>\n\n\n\n<p>Tegevuse eesm\u00e4rkide saavutamiseks ja saavutatu hoidmiseks \u00fching:<\/p>\n\n\n\n<ul class=\"wp-block-list\">\n<li>loob kitsamate tegevussuundadega tegelevad osakonnad ning haldab ja toetab nende t\u00f6\u00f6d;<\/li>\n\n\n\n<li>arendab sidemeid teadlaste ja teadusorganisatsioonidega v\u00e4lismaal;<\/li>\n\n\n\n<li> arendab f\u00fc\u00fcsika keelt ja f\u00fc\u00fcsika eestikeelset terminoloogiat;<\/li>\n\n\n\n<li> uurib Eesti f\u00fc\u00fcsika ajalugu, peab Eesti f\u00fc\u00fcsikaelu kroonikat ja j\u00e4\u00e4dvustab v\u00e4ljapaistvate f\u00fc\u00fcsikute m\u00e4lestusi;<\/li>\n\n\n\n<li>organiseerib f\u00fc\u00fcsikaalase kirjanduse v\u00e4ljaandmist;<\/li>\n\n\n\n<li>aitab kaasa \u00f5ppurite f\u00fc\u00fcsikaalase ettevalmistuse parandamisele, f\u00fc\u00fcsikahuvi \u00e4ratamisele noortes ja f\u00fc\u00fcsika maine t\u00f5stmisele;<\/li>\n\n\n\n<li>v\u00e4ljendab oma liikmeskonna seisukohti oma eriala puudutavates ja \u00fchiskondliku elu k\u00fcsimustes;<\/li>\n\n\n\n<li>korraldab f\u00fc\u00fcsikat ning selle rakendusi tutvustavaid \u00fcritusi ja v\u00f5istluseid ning tunnustab f\u00fc\u00fcsikat arendavaid, \u00f5petavaid ja propageerivaid tegevusi.<\/li>\n<\/ul>\n\n\n\n<p><a href=\"https:\/\/www.fyysika.ee\/?page_id=719539\">EFS liikmetele ja liikmeks saamise kord<\/a><br><a href=\"https:\/\/www.fyysika.ee\/?page_id=719547\">Liikmete arvestuse ja liikmemaksu tasumise kord<\/a><\/p>\n","protected":false},"excerpt":{"rendered":"<p>Eesti F\u00fc\u00fcsika Selts (EFS) on vabatahtlik mittetulunduslik teadusselts, mis \u00fchendab Eestis tegutsevaid v\u00f5i Eestiga seotud f\u00fc\u00fcsikuid ja f\u00fc\u00fcsikaga seotud inimesi. EFS on asutatud 19. mail 1989. a. Registreerimisnumber: 80046424Pangarekvisiidid: EE052200001120073071 Swedbank Kontakt: efs@fyysika.ee, 5143349W. Ostwaldi tn 1, 50411 Tartu Seltsi juhatus Kaido Reivelt (esimees)Moorits Mihkel MuruRiina MurulaidRauno Neito Eesm\u00e4rgid \u00dchingu eesm\u00e4rgid on: Tegevuse eesm\u00e4rkide saavutamiseks [&hellip;]<\/p>\n","protected":false},"author":1,"featured_media":0,"parent":0,"menu_order":0,"comment_status":"closed","ping_status":"closed","template":"","meta":{"_genesis_hide_title":false,"_genesis_hide_breadcrumbs":false,"_genesis_hide_singular_image":false,"_genesis_hide_footer_widgets":false,"_genesis_custom_body_class":"","_genesis_custom_post_class":"","_genesis_layout":"","footnotes":""},"class_list":{"0":"post-122827","1":"page","2":"type-page","3":"status-publish","5":"entry"},"_links":{"self":[{"href":"https:\/\/www.fyysika.ee\/index.php?rest_route=\/wp\/v2\/pages\/122827","targetHints":{"allow":["GET"]}}],"collection":[{"href":"https:\/\/www.fyysika.ee\/index.php?rest_route=\/wp\/v2\/pages"}],"about":[{"href":"https:\/\/www.fyysika.ee\/index.php?rest_route=\/wp\/v2\/types\/page"}],"author":[{"embeddable":true,"href":"https:\/\/www.fyysika.ee\/index.php?rest_route=\/wp\/v2\/users\/1"}],"replies":[{"embeddable":true,"href":"https:\/\/www.fyysika.ee\/index.php?rest_route=%2Fwp%2Fv2%2Fcomments&post=122827"}],"version-history":[{"count":9,"href":"https:\/\/www.fyysika.ee\/index.php?rest_route=\/wp\/v2\/pages\/122827\/revisions"}],"predecessor-version":[{"id":719758,"href":"https:\/\/www.fyysika.ee\/index.php?rest_route=\/wp\/v2\/pages\/122827\/revisions\/719758"}],"wp:attachment":[{"href":"https:\/\/www.fyysika.ee\/index.php?rest_route=%2Fwp%2Fv2%2Fmedia&parent=122827"}],"curies":[{"name":"wp","href":"https:\/\/api.w.org\/{rel}","templated":true}]}}