{"id":380869,"date":"2017-03-14T23:17:03","date_gmt":"2017-03-14T20:17:03","guid":{"rendered":"http:\/\/www.fyysika.ee\/?page_id=380869"},"modified":"2017-03-22T00:30:33","modified_gmt":"2017-03-21T21:30:33","slug":"2017-a-fuusikapaevad","status":"publish","type":"page","link":"https:\/\/www.fyysika.ee\/?page_id=380869","title":{"rendered":"2017.a. f\u00fc\u00fcsikap\u00e4evad"},"content":{"rendered":"<p><strong>XLVII Eesti f\u00fc\u00fcsikap\u00e4evad ja XXXIX f\u00fc\u00fcsika\u00f5petajate p\u00e4evad<\/strong> toimuvad 24.-25. m\u00e4rtsil 2017.a. Tartus, T\u00dc f\u00fc\u00fcsikumis.<\/p>\n<p><strong>F\u00fc\u00fcsikap\u00e4evade kava<\/strong><\/p>\n<table dir=\"ltr\" border=\"1\" cellspacing=\"0\" cellpadding=\"0\">\n<tbody>\n<tr>\n<td colspan=\"4\" bgcolor=\"#D5EC82\"><strong>Reede, 24.03: Teaduse p\u00e4ev<\/strong><\/td>\n<\/tr>\n<tr>\n<td style=\"text-align: center;\" align=\"center\" width=\"227\">10:00<\/td>\n<td colspan=\"3\" align=\"center\">Saabumiskohv.<\/td>\n<\/tr>\n<tr>\n<td style=\"text-align: center;\" align=\"center\">10:30<\/td>\n<td colspan=\"3\" align=\"center\">Avamine, tervituss\u00f5nad<\/td>\n<\/tr>\n<tr>\n<td style=\"text-align: center;\" align=\"center\">10:40<\/td>\n<td colspan=\"3\" align=\"center\">Teet \u00d6rd (T\u00dc) Nobeli loeng<\/td>\n<\/tr>\n<tr>\n<td style=\"text-align: center;\" align=\"center\">11:15<\/td>\n<td colspan=\"3\" align=\"center\">EFS aastapreemia \u00fcleandmine. Aastapreemia laureaadi loeng<\/td>\n<\/tr>\n<tr>\n<td style=\"text-align: center;\" align=\"center\" bgcolor=\"#D5EC82\">12:00<\/td>\n<td colspan=\"3\" align=\"center\" bgcolor=\"#D5EC82\">L\u00f5una<\/td>\n<\/tr>\n<tr>\n<td style=\"text-align: center;\" align=\"center\">12:35<\/td>\n<td colspan=\"3\" align=\"center\">T\u00f5nu Viik (TO) Rolf Maximilian Sievert ja kiirguskaitse<\/td>\n<\/tr>\n<tr>\n<td style=\"text-align: center;\" align=\"center\">13:10<\/td>\n<td colspan=\"3\" align=\"center\">Arvo Mere (TT\u00dc) P\u00e4ikeseelemendid ja plasmonresonants<\/td>\n<\/tr>\n<tr>\n<td style=\"text-align: center;\" align=\"center\">13:35<\/td>\n<td colspan=\"3\" align=\"center\">Taivo Pungas <span class=\"m_-2606855517779447134gmail-_5yl5\">Masin\u00f5pe: veidi tehniline sissejuhatus<\/span><\/td>\n<\/tr>\n<tr>\n<td style=\"text-align: center;\" align=\"center\" bgcolor=\"#D5EC82\">14:10<\/td>\n<td colspan=\"3\" align=\"center\" bgcolor=\"#D5EC82\">Kohvipaus<\/td>\n<\/tr>\n<tr>\n<td style=\"text-align: center;\" align=\"center\">14:30<\/td>\n<td colspan=\"3\" align=\"center\">Tiit Lepmann (T\u00dc), Meie p\u00f5hikooli \u00f5pilased rahvusvahelistes matemaatika tasemeuuringutes TIMSS ja PISA<\/td>\n<\/tr>\n<tr>\n<td style=\"text-align: center;\" align=\"center\">15:00<\/td>\n<td colspan=\"3\" align=\"center\">Suund ja siht. L\u00fchiettekannetega esinevad Andi Hektor, Jaak Kikas, Peeter Saari, Jaan Kalda, Indrek J\u00f5gi,Moorits Mihkel Muru, Karl Reinkubjas, Uku P\u00fcttsepp<\/td>\n<\/tr>\n<tr>\n<td style=\"text-align: center;\" align=\"center\" bgcolor=\"#D5EC82\">16:30<\/td>\n<td colspan=\"3\" align=\"center\" bgcolor=\"#D5EC82\">Kohvipaus<\/td>\n<\/tr>\n<tr>\n<td style=\"text-align: center;\" align=\"center\">17:30<\/td>\n<td colspan=\"3\" align=\"center\">EFS \u00fcldkogu<\/td>\n<\/tr>\n<tr>\n<td style=\"text-align: center;\" align=\"center\">18:30<\/td>\n<td colspan=\"3\" align=\"center\">EFS seltsi\u00f5htu<\/td>\n<\/tr>\n<tr>\n<td colspan=\"4\" align=\"left\" bgcolor=\"#D5EC82\"><strong>Laup\u00e4ev, 25.03: F\u00fc\u00fcsika\u00f5petajate p\u00e4ev<\/strong><\/td>\n<\/tr>\n<tr>\n<td style=\"text-align: center;\" align=\"center\">9:00<\/td>\n<td colspan=\"3\" align=\"center\">Saabumiskohv.<\/td>\n<\/tr>\n<tr>\n<td style=\"text-align: center;\" align=\"center\">9:30<\/td>\n<td colspan=\"3\" align=\"center\">Tervitus<\/td>\n<\/tr>\n<tr>\n<td style=\"text-align: center;\" align=\"center\">9:40<\/td>\n<td colspan=\"3\" align=\"center\">Raivo Jaaniso (T\u00dc) Tark nina taskus<\/td>\n<\/tr>\n<tr>\n<td style=\"text-align: center;\" align=\"center\">10:10<\/td>\n<td colspan=\"3\" align=\"center\">T\u00dc F\u00fc\u00fcsika Instituut n\u00e4itab oma k\u00f5ige kallimat vara<\/td>\n<\/tr>\n<tr>\n<td style=\"text-align: center;\" align=\"center\" bgcolor=\"#D5EC82\">10:40<\/td>\n<td colspan=\"3\" align=\"center\" bgcolor=\"#D5EC82\">Kohvipaus<\/td>\n<\/tr>\n<tr>\n<td style=\"text-align: center;\" align=\"center\">10:50<\/td>\n<td align=\"center\" valign=\"top\" width=\"239\">T\u00f6\u00f6tuba 1<\/p>\n<p>Riina Murulaid: Nutirakendused\u00a0klassis ja uurimist\u00f6\u00f6des, mis ja kuidas?<\/td>\n<td align=\"center\" valign=\"top\" width=\"239\">T\u00f6\u00f6tuba 2<\/p>\n<p>Svetlana Ganina: \u00d5pilaste uurimist\u00f6\u00f6 koostamise toetamine<\/td>\n<td align=\"center\" valign=\"top\" width=\"239\">T\u00f6\u00f6tuba 3<\/p>\n<p>Kaido Reivelt: Elektromagnetiline induktsioon, lihtne ja keeruline<\/td>\n<\/tr>\n<tr>\n<td style=\"text-align: center;\" align=\"center\">11:50<\/td>\n<td colspan=\"3\" align=\"center\">Kohvipaus<\/td>\n<\/tr>\n<tr>\n<td style=\"text-align: center;\" align=\"center\">12:00<\/td>\n<td align=\"center\">T\u00f6\u00f6tuba1<\/td>\n<td align=\"center\">T\u00f6\u00f6tuba 2<\/td>\n<td align=\"center\">T\u00f6\u00f6tuba 3<\/td>\n<\/tr>\n<tr>\n<td style=\"text-align: center;\" align=\"center\" bgcolor=\"#D5EC82\">13:00<\/td>\n<td colspan=\"3\" align=\"center\" bgcolor=\"#D5EC82\">L\u00f5una<\/td>\n<\/tr>\n<tr>\n<td style=\"text-align: center;\" align=\"center\">13:45<\/td>\n<td colspan=\"3\" align=\"center\">\u00dclle Kikas Loodusainete ja matemaatika l\u00f5imitud \u00f5petamisest<\/td>\n<\/tr>\n<tr>\n<td style=\"text-align: center;\" align=\"center\">14:15<\/td>\n<td colspan=\"3\" align=\"center\">Kai Kuuspalu (Maanteeamet) Liiklusest nii ja teisiti<\/td>\n<\/tr>\n<tr>\n<td style=\"text-align: center;\" align=\"center\">15:00<\/td>\n<td colspan=\"3\" align=\"center\">F\u00fc\u00fcsika\u00f5petajate kogukond 2017<\/td>\n<\/tr>\n<tr>\n<td style=\"text-align: center;\" align=\"center\">15:15<\/td>\n<td colspan=\"3\" align=\"center\">F\u00fc\u00fcsika\u00f5petajate osakonna \u00fcldkogu<\/td>\n<\/tr>\n<\/tbody>\n<\/table>\n<p>Riina Murulaiu t\u00f6\u00f6toas saate teada, milliseid nutirakendusi (\u00e4ppe) on \u00f5pilastel lihtne alla laadida ja kuidas neid kasutada uurimis- ja praktilistes t\u00f6\u00f6des. Teeme l\u00e4bi m\u00f5\u00f5tmised sageduse \u00e4piga.<\/p>\n<p>Svetlana Ganina t\u00f6\u00f6toas arutatakse uurimist\u00f6\u00f6de teemade valiku v\u00f5imalusi, \u00f5petaja rolli juhendajana ja \u00f5pilase innustamist ning iseseisvuse ja aktiivsuse toetamist.<\/p>\n<p>Kaido Reivelti t\u00f6\u00f6toas v\u00e4rskendame ja laiendame teadmisi elektromagnetilise induktsioonist &#8211; keerulisest teemast g\u00fcmnaasiumi f\u00fc\u00fcsikas, mida on ometigi v\u00f5imalik katsete varal lihtsaks ja p\u00f5nevaks r\u00e4\u00e4kida.<\/p>\n","protected":false},"excerpt":{"rendered":"<p>XLVII Eesti f\u00fc\u00fcsikap\u00e4evad ja XXXIX f\u00fc\u00fcsika\u00f5petajate p\u00e4evad toimuvad 24.-25. m\u00e4rtsil 2017.a. Tartus, T\u00dc f\u00fc\u00fcsikumis. F\u00fc\u00fcsikap\u00e4evade kava Reede, 24.03: Teaduse p\u00e4ev 10:00 Saabumiskohv. 10:30 Avamine, tervituss\u00f5nad 10:40 Teet \u00d6rd (T\u00dc) Nobeli loeng 11:15 EFS aastapreemia \u00fcleandmine. Aastapreemia laureaadi loeng 12:00 L\u00f5una 12:35 T\u00f5nu Viik (TO) Rolf Maximilian Sievert ja kiirguskaitse 13:10 Arvo Mere (TT\u00dc) P\u00e4ikeseelemendid ja [&hellip;]<\/p>\n","protected":false},"author":1,"featured_media":0,"parent":0,"menu_order":0,"comment_status":"closed","ping_status":"closed","template":"","meta":{"_genesis_hide_title":false,"_genesis_hide_breadcrumbs":false,"_genesis_hide_singular_image":false,"_genesis_hide_footer_widgets":false,"_genesis_custom_body_class":"","_genesis_custom_post_class":"","_genesis_layout":"","footnotes":""},"class_list":{"0":"post-380869","1":"page","2":"type-page","3":"status-publish","5":"entry"},"_links":{"self":[{"href":"https:\/\/www.fyysika.ee\/index.php?rest_route=\/wp\/v2\/pages\/380869","targetHints":{"allow":["GET"]}}],"collection":[{"href":"https:\/\/www.fyysika.ee\/index.php?rest_route=\/wp\/v2\/pages"}],"about":[{"href":"https:\/\/www.fyysika.ee\/index.php?rest_route=\/wp\/v2\/types\/page"}],"author":[{"embeddable":true,"href":"https:\/\/www.fyysika.ee\/index.php?rest_route=\/wp\/v2\/users\/1"}],"replies":[{"embeddable":true,"href":"https:\/\/www.fyysika.ee\/index.php?rest_route=%2Fwp%2Fv2%2Fcomments&post=380869"}],"version-history":[{"count":0,"href":"https:\/\/www.fyysika.ee\/index.php?rest_route=\/wp\/v2\/pages\/380869\/revisions"}],"wp:attachment":[{"href":"https:\/\/www.fyysika.ee\/index.php?rest_route=%2Fwp%2Fv2%2Fmedia&parent=380869"}],"curies":[{"name":"wp","href":"https:\/\/api.w.org\/{rel}","templated":true}]}}