{"id":719404,"date":"2021-05-29T11:31:52","date_gmt":"2021-05-29T08:31:52","guid":{"rendered":"https:\/\/www.fyysika.ee\/?page_id=719404"},"modified":"2021-07-17T16:19:48","modified_gmt":"2021-07-17T13:19:48","slug":"l-eesti-fuusikapaevad","status":"publish","type":"page","link":"https:\/\/www.fyysika.ee\/?page_id=719404","title":{"rendered":"L Eesti F\u00fc\u00fcsikap\u00e4evad"},"content":{"rendered":"\n<p><strong>L Eesti&nbsp;f\u00fc\u00fcsikap\u00e4eva(d) toimusid 21. juunil T\u00f5raveres, T\u00dc Tartu Observatooriumis.<\/strong><\/p>\n\n\n\n<p>F\u00fc\u00fcsikap\u00e4evade alapealkirjaks on \u201cEesti&nbsp;f\u00fc\u00fcsika: teadus, haridus, ettev\u00f5tlus \u2014 kuidas edasi?&#8221;.<\/p>\n\n\n\n<p>P\u00e4ev oli m\u00f5tteliselt jagatud neljaks teemav\u00f6\u00f6ndiks:<\/p>\n\n\n\n<ul class=\"wp-block-list\"><li>Kus on ja kuhu l\u00e4heb Eesti f\u00fc\u00fcsikateadus?<\/li><li>Kus on ja kuhu l\u00e4heb Eesti f\u00fc\u00fcsikaharidus?<\/li><li>Kus on ja kuhu l\u00e4heb Eesti (f\u00fc\u00fcsika)teadusmahukas ettev\u00f5tlus?<\/li><li>Kus on ja kuhu l\u00e4heb Eesti F\u00fc\u00fcsika Selts.<\/li><\/ul>\n\n\n\n<p class=\"has-medium-font-size\"><strong>F\u00fc\u00fcsikap\u00e4eva KAVA, esmasp\u00e4eval, 21.06. <\/strong><\/p>\n\n\n\n<p>[10.34: Tallinna rong saabub T\u00f5raverre]<\/p>\n\n\n\n<p>10-11: Saabumine ja hiline hommikukohv<\/p>\n\n\n\n<p>11-12.30: I Sessioon (modereerib: Kaido Reivelt)<\/p>\n\n\n\n<ul class=\"wp-block-list\" id=\"block-7d006051-3c63-4790-8c1f-eaf78172edce\"><li>Tutvustavad ettekanded T\u00f5ravere rahvalt + ESA<\/li><li>Taavi Raadik r\u00e4\u00e4gib oma tegemistest TalTech&#8217;is<\/li><\/ul>\n\n\n\n<p>12.30-13.30: Rahulik l\u00f5una koos v\u00f5rgustumisega. TO ringk\u00e4igud<\/p>\n\n\n\n<p>13.30-15.00: II sessioon: teaduspoliitika ja -rahastamine, asutuste vaade (modereerib: Andi Hektor)<\/p>\n\n\n\n<ul class=\"wp-block-list\"><li>Anu Noorma (ETAg), ETAgi hetkeseis ja visioonid<\/li><li>Hella Lood \/ Katrin Pihor (HTM), Eesti teaduspoliitika, hetkeseis ja visioon (Zoom)<\/li><li>Kaupo Reede (EAS), EAS rakendusuuringute programm (Zoom)<\/li><li>Urmas Nagel (KBFI), KBFI f\u00fc\u00fcsika, hetkeseis ja tulevik<\/li><\/ul>\n\n\n\n<p>15-15.20 tee\/kohv vabas \u00f5hus<\/p>\n\n\n\n<p>15.20-16.40: III sessioon: f\u00fc\u00fcsika (modereerib: Aile Tamm)<\/p>\n\n\n\n<ul class=\"wp-block-list\"><li>Peeter Tenjes r\u00e4\u00e4gib mustadest aukudest<\/li><li>Andi Hektor ja Madis Kiisk v\u00f5tavad ette m\u00fc\u00fcontomograafia<\/li><li>L\u00fchiettekanded<\/li><\/ul>\n\n\n\n<p>16.40-17: tee\/kohv\/k\u00fcpsis vabas \u00f5hus<\/p>\n\n\n\n<p>17-18: IV sessioon: f\u00fc\u00fcsika \u00f5ppimine ja \u00f5petamine (modereerib: TBA)<\/p>\n\n\n\n<ul class=\"wp-block-list\"><li>Egert M\u00f6ller (T\u00dc, F\u00dcS)<\/li><li>Jaan Paaver (HTG, FO)<\/li><li>Laurits Puust (T\u00dc FI)<\/li><li>Kaido Reivelt (EFS, T\u00dc KFK)<\/li><\/ul>\n\n\n\n<p>18- : Olemine j\u00e4tkub nendega, kes pole veel lahkunud.<\/p>\n\n\n\n<p>[18.30 \u2014 Tallinna rong lahkub T\u00f5raverest]<\/p>\n\n\n\n<figure class=\"wp-block-gallery columns-0 is-cropped wp-block-gallery-1 is-layout-flex wp-block-gallery-is-layout-flex\"><ul class=\"blocks-gallery-grid\"><\/ul><\/figure>\n","protected":false},"excerpt":{"rendered":"<p>L Eesti&nbsp;f\u00fc\u00fcsikap\u00e4eva(d) toimusid 21. juunil T\u00f5raveres, T\u00dc Tartu Observatooriumis. F\u00fc\u00fcsikap\u00e4evade alapealkirjaks on \u201cEesti&nbsp;f\u00fc\u00fcsika: teadus, haridus, ettev\u00f5tlus \u2014 kuidas edasi?&#8221;. P\u00e4ev oli m\u00f5tteliselt jagatud neljaks teemav\u00f6\u00f6ndiks: Kus on ja kuhu l\u00e4heb Eesti f\u00fc\u00fcsikateadus? Kus on ja kuhu l\u00e4heb Eesti f\u00fc\u00fcsikaharidus? Kus on ja kuhu l\u00e4heb Eesti (f\u00fc\u00fcsika)teadusmahukas ettev\u00f5tlus? Kus on ja kuhu l\u00e4heb Eesti F\u00fc\u00fcsika Selts. [&hellip;]<\/p>\n","protected":false},"author":1,"featured_media":0,"parent":0,"menu_order":0,"comment_status":"closed","ping_status":"closed","template":"","meta":{"_genesis_hide_title":false,"_genesis_hide_breadcrumbs":false,"_genesis_hide_singular_image":false,"_genesis_hide_footer_widgets":false,"_genesis_custom_body_class":"","_genesis_custom_post_class":"","_genesis_layout":"","footnotes":""},"class_list":{"0":"post-719404","1":"page","2":"type-page","3":"status-publish","5":"entry"},"_links":{"self":[{"href":"https:\/\/www.fyysika.ee\/index.php?rest_route=\/wp\/v2\/pages\/719404","targetHints":{"allow":["GET"]}}],"collection":[{"href":"https:\/\/www.fyysika.ee\/index.php?rest_route=\/wp\/v2\/pages"}],"about":[{"href":"https:\/\/www.fyysika.ee\/index.php?rest_route=\/wp\/v2\/types\/page"}],"author":[{"embeddable":true,"href":"https:\/\/www.fyysika.ee\/index.php?rest_route=\/wp\/v2\/users\/1"}],"replies":[{"embeddable":true,"href":"https:\/\/www.fyysika.ee\/index.php?rest_route=%2Fwp%2Fv2%2Fcomments&post=719404"}],"version-history":[{"count":23,"href":"https:\/\/www.fyysika.ee\/index.php?rest_route=\/wp\/v2\/pages\/719404\/revisions"}],"predecessor-version":[{"id":719449,"href":"https:\/\/www.fyysika.ee\/index.php?rest_route=\/wp\/v2\/pages\/719404\/revisions\/719449"}],"wp:attachment":[{"href":"https:\/\/www.fyysika.ee\/index.php?rest_route=%2Fwp%2Fv2%2Fmedia&parent=719404"}],"curies":[{"name":"wp","href":"https:\/\/api.w.org\/{rel}","templated":true}]}}

L Eesti Füüsikapäevad

<p><strong>L Eesti&nbsp;füüsikapäeva(d) toimusid 21. juunil Tõraveres, TÜ Tartu Observatooriumis.</strong></p>



<p>Füüsikapäevade alapealkirjaks on “Eesti&nbsp;füüsika: teadus, haridus, ettevõtlus — kuidas edasi?&#8221;.</p>



<p>Päev oli mõtteliselt jagatud neljaks teemavööndiks:</p>



<ul class="wp-block-list"><li>Kus on ja kuhu läheb Eesti füüsikateadus?</li><li>Kus on ja kuhu läheb Eesti füüsikaharidus?</li><li>Kus on ja kuhu läheb Eesti (füüsika)teadusmahukas ettevõtlus?</li><li>Kus on ja kuhu läheb Eesti Füüsika Selts.</li></ul>



<p class="has-medium-font-size"><strong>Füüsikapäeva KAVA, esmaspäeval, 21.06. </strong></p>



<p>[10.34: Tallinna rong saabub Tõraverre]</p>



<p>10-11: Saabumine ja hiline hommikukohv</p>



<p>11-12.30: I Sessioon (modereerib: Kaido Reivelt)</p>



<ul class="wp-block-list" id="block-7d006051-3c63-4790-8c1f-eaf78172edce"><li>Tutvustavad ettekanded Tõravere rahvalt + ESA</li><li>Taavi Raadik räägib oma tegemistest TalTech&#8217;is</li></ul>



<p>12.30-13.30: Rahulik lõuna koos võrgustumisega. TO ringkäigud</p>



<p>13.30-15.00: II sessioon: teaduspoliitika ja -rahastamine, asutuste vaade (modereerib: Andi Hektor)</p>



<ul class="wp-block-list"><li>Anu Noorma (ETAg), ETAgi hetkeseis ja visioonid</li><li>Hella Lood / Katrin Pihor (HTM), Eesti teaduspoliitika, hetkeseis ja visioon (Zoom)</li><li>Kaupo Reede (EAS), EAS rakendusuuringute programm (Zoom)</li><li>Urmas Nagel (KBFI), KBFI füüsika, hetkeseis ja tulevik</li></ul>



<p>15-15.20 tee/kohv vabas õhus</p>



<p>15.20-16.40: III sessioon: füüsika (modereerib: Aile Tamm)</p>



<ul class="wp-block-list"><li>Peeter Tenjes räägib mustadest aukudest</li><li>Andi Hektor ja Madis Kiisk võtavad ette müüontomograafia</li><li>Lühiettekanded</li></ul>



<p>16.40-17: tee/kohv/küpsis vabas õhus</p>



<p>17-18: IV sessioon: füüsika õppimine ja õpetamine (modereerib: TBA)</p>



<ul class="wp-block-list"><li>Egert Möller (TÜ, FÜS)</li><li>Jaan Paaver (HTG, FO)</li><li>Laurits Puust (TÜ FI)</li><li>Kaido Reivelt (EFS, TÜ KFK)</li></ul>



<p>18- : Olemine jätkub nendega, kes pole veel lahkunud.</p>



<p>[18.30 — Tallinna rong lahkub Tõraverest]</p>



<figure class="wp-block-gallery columns-0 is-cropped wp-block-gallery-1 is-layout-flex wp-block-gallery-is-layout-flex"><ul class="blocks-gallery-grid"></ul></figure>

<p>L Eesti&nbsp;füüsikapäeva(d) toimusid 21. juunil Tõraveres, TÜ Tartu Observatooriumis. Füüsikapäevade alapealkirjaks on “Eesti&nbsp;füüsika: teadus, haridus, ettevõtlus — kuidas edasi?&#8221;. Päev oli mõtteliselt jagatud neljaks teemavööndiks: Kus on ja kuhu läheb Eesti füüsikateadus? Kus on ja kuhu läheb Eesti füüsikaharidus? Kus on ja kuhu läheb Eesti (füüsika)teadusmahukas ettevõtlus? Kus on ja kuhu läheb Eesti Füüsika Selts. [&hellip;]</p>
