{"id":719530,"date":"2023-10-29T12:49:59","date_gmt":"2023-10-29T09:49:59","guid":{"rendered":"https:\/\/www.fyysika.ee\/?page_id=719530"},"modified":"2025-09-20T12:07:03","modified_gmt":"2025-09-20T09:07:03","slug":"eesti-fuusika-seltsi-pohikiri","status":"publish","type":"page","link":"https:\/\/www.fyysika.ee\/?page_id=719530","title":{"rendered":"Eesti F\u00fc\u00fcsika Seltsi p\u00f5hikiri"},"content":{"rendered":"\n<h2 class=\"wp-block-heading\"><strong>&nbsp;\u00dcLDS\u00c4TTED<\/strong><\/h2>\n\n\n\n<p>1.1 Mittetulundus\u00fchingu (edaspidi <strong>\u00dching<\/strong>) nimi on <strong>Eesti F\u00fc\u00fcsika Selts<\/strong>.<\/p>\n\n\n\n<p>1.2 \u00dching on p\u00f5hikirja alusel tegutsev era\u00f5iguslik juriidiline isik. K\u00f5ik \u00fchingule laekuvad vahendid on suunatud p\u00f5hikirjas etten\u00e4htud tegevuse arendamiseks.<\/p>\n\n\n\n<p>1.3 Oma tegevuses juhindub \u00fching Eesti Vabariigi p\u00f5hiseadusest, mittetulundus\u00fchingute seadusest, teistest \u00f5igusaktidest ja k\u00e4esolevast p\u00f5hikirjast.<\/p>\n\n\n\n<p>1.4 \u00dching teeb oma tegevusvaldkonnas koost\u00f6\u00f6d teiste f\u00fc\u00fcsiliste ja juriidiliste isikutega. \u00dchingul on seoses oma p\u00f5hikirjalise tegevusega \u00f5igus astuda lepingulistesse suhetesse teiste kodu- ja v\u00e4lismaisete \u00f5igussubjektidega ning olla liikmeks rahvusvahelistes organisatsioonides ja liitudes.<\/p>\n\n\n\n<p>1.5 \u00dching vastutab oma kohustuste t\u00e4itmise eest kogu oma varaga. \u00dchingu liikmed ei vastuta \u00fchingu varaliste kohustuste t\u00e4itmise eest ja \u00fching ei vastuta oma liikmete varaliste kohustuste t\u00e4itmise eest.<\/p>\n\n\n\n<h3 class=\"wp-block-heading\"><strong>2 \u00dcHINGU EESM\u00c4RGID JA NENDE SAAVUTAMISE VAHENDID<\/strong><\/h3>\n\n\n\n<p>2.1 \u00dchingu eesm\u00e4rgid on:<\/p>\n\n\n\n<p>2.1.1 f\u00fc\u00fcsikateaduse arengu toetamine;<\/p>\n\n\n\n<p>2.1.2 f\u00fc\u00fcsikalise maailmapildi propageerimine;<\/p>\n\n\n\n<p>2.1.3 f\u00fc\u00fcsikahariduse edendamine.<\/p>\n\n\n\n<p>2.2 Tegevuse eesm\u00e4rkide saavutamiseks ja saavutatu hoidmiseks \u00fching:<\/p>\n\n\n\n<p>2.2.1 loob kitsamate tegevussuundadega tegelevad osakonnad ning haldab ja toetab nende t\u00f6\u00f6d;<\/p>\n\n\n\n<p>2.2.2 arendab sidemeid teadlaste ja teadusorganisatsioonidega v\u00e4lismaal;<\/p>\n\n\n\n<p>2.2.3 arendab f\u00fc\u00fcsika keelt ja f\u00fc\u00fcsika eestikeelset terminoloogiat;<\/p>\n\n\n\n<p>2.2.4 uurib Eesti f\u00fc\u00fcsika ajalugu, peab Eesti f\u00fc\u00fcsikaelu kroonikat ja j\u00e4\u00e4dvustab v\u00e4ljapaistvate f\u00fc\u00fcsikute m\u00e4lestusi;<\/p>\n\n\n\n<p>2.2.5 organiseerib f\u00fc\u00fcsikaalase kirjanduse v\u00e4ljaandmist;<\/p>\n\n\n\n<p>2.2.6 aitab kaasa \u00f5ppurite f\u00fc\u00fcsikaalase ettevalmistuse parandamisele, f\u00fc\u00fcsikahuvi \u00e4ratamisele noortes ja f\u00fc\u00fcsika maine t\u00f5stmisele;<\/p>\n\n\n\n<p>2.2.7 v\u00e4ljendab oma liikmeskonna seisukohti oma eriala puudutavates ja \u00fchiskondliku elu k\u00fcsimustes;<\/p>\n\n\n\n<p>2.2.8 korraldab f\u00fc\u00fcsikat ning selle rakendusi tutvustavaid \u00fcritusi ja v\u00f5istluseid ning tunnustab f\u00fc\u00fcsikat arendavaid, \u00f5petavaid ja propageerivaid tegevusi.<\/p>\n\n\n\n<h3 class=\"wp-block-heading\"><strong>3 \u00dcHINGU LIIKMED. \u00dcHINGU LIIKMEKS VASTUV\u00d5TMISE, V\u00c4LJAASTUMISE JA V\u00c4LJAARVAMISE TINGIMUSED NING KORD<\/strong><\/h3>\n\n\n\n<p>3.1 \u00dchingu liikmeks v\u00f5ib olla iga f\u00fc\u00fcsiline v\u00f5i juriidiline isik, kes tunnistab ning t\u00e4idab k\u00e4esolevat p\u00f5hikirja. \u00dchingu liikmed jagunevad tegevliikmeteks ja auliikmeteks. \u00dchingu liikmed v\u00f5ivad olla ka \u00fche v\u00f5i mitme \u00dchingu osakonna liikmed.<\/p>\n\n\n\n<p>3.2 \u00dchingu auliikmeteks valitakse isikuid, kes on silma paistnud f\u00fc\u00fcsika v\u00f5i \u00dchingu tegevuse edendamisel.<\/p>\n\n\n\n<p>3.3 \u00dchingu tegevliikmeks astuda soovija peab esitama avalduse \u00dchingu tegevliikmeks vastuv\u00f5tmise kohta kas \u00dchingu juhatusele v\u00f5i \u00dchingu osakonna juhatusele.<\/p>\n\n\n\n<p>3.4 \u00dchingu juhatus on kohustatud \u00fchingu tegevliikmeks astuda soovija avalduse l\u00e4bi vaatama, otsustama tema vastuv\u00f5tmise \u00dchingu liikmeks ning oma otsusest kirjalikult teada andma hiljemalt \u00fche kuu jooksul, arvates avalduse saabumise kuup\u00e4evast. Otsus \u00fchingu tegevliikmeks vastuv\u00f5tmisest keeldumise kohta peab olema p\u00f5hjendatud.<\/p>\n\n\n\n<p>3.5 \u00dchingu osakonnad korraldavad tegevliikmeteks astuda soovijate avalduste l\u00e4bivaatamist vastavalt oma p\u00f5hikirjale. Osakondade otsused tegevliikmete vastuv\u00f5tmise kohta vaatab l\u00e4bi ja kinnitab ka \u00dchingu juhatus.<\/p>\n\n\n\n<p>3.6 \u00dchingu liikmeskonnast v\u00e4ljaastumiseks omal soovil esitab \u00dchingu liige kirjaliku avalduse \u00dchingu v\u00f5i \u00dchingu osakonna juhatusele. \u00dchingu v\u00f5i \u00dchingu osakonna juhatus on kohustatud avalduse l\u00e4bi vaatama \u00fche kuu jooksul, arvates avalduse laekumise kuup\u00e4evast. Liige loetakse \u00fchingust v\u00e4lja astunuks omal soovil juhatuse otsuse tegemise kuup\u00e4evast alates.<\/p>\n\n\n\n<p>3.7 Liikme \u00fchingust v\u00e4ljaarvamise k\u00fcsimuse \u00fcle otsustab \u00dchingu v\u00f5i \u00dchingu osakonna juhatuse ettepanekul liikmete \u00fcldkoosolek. V\u00e4ljaarvamise aluseks v\u00f5ib olla \u00dchingu p\u00f5hikirja punktides 4.2-4.3 nimetatud kohustuste t\u00e4itmata j\u00e4tmine v\u00f5i tahtlik eiramine, samuti \u00dchingu maine kahjustamine olulisel m\u00e4\u00e4ral.<\/p>\n\n\n\n<h3 class=\"wp-block-heading\"><strong>4 LIIKMETE \u00d5IGUSED JA KOHUSTUSED<\/strong><\/h3>\n\n\n\n<p>4.1 \u00dchingu liikmel on \u00f5igus:<\/p>\n\n\n\n<p>4.1.1 osaleda otsuste vastuv\u00f5tmisel liikmete \u00fcldkoosolekul kas isiklikult v\u00f5i oma esindaja kaudu;<\/p>\n\n\n\n<p>4.1.2 saada teavet liikmete \u00fcldkoosoleku toimumise ja p\u00e4evakorra kohta;<\/p>\n\n\n\n<p>4.1.3 n\u00f5uda juhatuselt liikmete \u00fcldkoosoleku kokkukutsumist seaduses etten\u00e4htud tingimustel;<\/p>\n\n\n\n<p>4.1.4 esitada liikmete \u00fcldkoosolekul ettepanekuid ja arvamusi;<\/p>\n\n\n\n<p>4.1.5 osaleda juhatuse liikmete valimisel ja olla m\u00e4\u00e4ratud juhatuse liikmeks;<\/p>\n\n\n\n<p>4.1.6 saada juhatuselt \u00dchingu juhtimise kohta k\u00e4ivat teavet;<\/p>\n\n\n\n<p>4.1.7 esitada liikmete \u00fcldkoosolekul arup\u00e4rimisi ja ettepanekuid \u00dchingu juhtimisorganite tegevuse kohta;<\/p>\n\n\n\n<p>4.1.8 v\u00f5tta osa \u00dchingu tegevusest ja \u00dchingu poolt korraldatavatest ning l\u00e4biviidavatest \u00fcritustest;<\/p>\n\n\n\n<p>4.1.9 saada ergutusi ja autasusid \u00dchingu tegevusele kaasaaitamise eest juhatuse poolt kehtestatud korras;<\/p>\n\n\n\n<p>4.2 \u00dchingu liige on kohustatud:<\/p>\n\n\n\n<p>4.2.1 j\u00e4rgima k\u00e4esolevat p\u00f5hikirja;<\/p>\n\n\n\n<p>4.2.2 \u00dchingu osakondade liikmed on kohustatud t\u00e4itma ka \u00dchingu osakonna p\u00f5hikirja, kui see on olemas;<\/p>\n\n\n\n<p>4.2.3 hoidma talle usaldatud \u00dchingu vara;<\/p>\n\n\n\n<p>4.2.4 tasuma \u00dchingu v\u00f5i \u00dchingu osakonna liikme aastamakseid \u00f5igeaegselt ning vastavalt \u00dchingu v\u00f5i \u00dchingu osakonna poolt m\u00e4\u00e4ratud korrale.<\/p>\n\n\n\n<p>4.3 Osakondade liikmetele laienevad osakondade p\u00f5hikirjades s\u00e4testatud \u00f5igused ja kohustused.<\/p>\n\n\n\n<p>4.4 \u00dchingu auliige ei pea maksma liikmemaksu.<\/p>\n\n\n\n<p><strong>5 \u00dcLDKOOSOLEK<\/strong><\/p>\n\n\n\n<p>5.1 Liikmete \u00fcldkoosolek on \u00fchingu k\u00f5rgeim juhtimisorgan.<\/p>\n\n\n\n<p>5.2 Igal liikmel on liikmete \u00fcldkoosolekul \u00fcks h\u00e4\u00e4l.<\/p>\n\n\n\n<p>5.3 Liikmete \u00fcldkoosoleku ainup\u00e4devusse kuulub:<\/p>\n\n\n\n<p>5.3.1 p\u00f5hikirja muutmine;<\/p>\n\n\n\n<p>5.3.2 \u00dchingu juhatuse liikmete valimine ja tagasikutsumine (ka ennet\u00e4htaegselt);<\/p>\n\n\n\n<p>5.3.4 juhatuse liikmega tehingu tegemise v\u00f5i tema vastu n\u00f5ude esitamise otsustamine ja selles tehingus v\u00f5i n\u00f5udes \u00dchingu esindaja m\u00e4\u00e4ramine;<\/p>\n\n\n\n<p>5.3.5 \u00dchingu auliikme nimetuse andmine;<\/p>\n\n\n\n<p>5.3.6 osakondadesse mitte kuuluvatele \u00dchingu liikmetele kehtivate aastamaksete suuruste muutmine ja nende tasumise t\u00e4htajad ning kord;<\/p>\n\n\n\n<p>5.3.7 \u00dchingu \u00fchinemise, jagunemise, \u00fcmberkujundamise ja l\u00f5petamise otsustamine;<\/p>\n\n\n\n<p>5.3.8 \u00dchingu likvideerimiskomisjoni liikmete valimine, nende volituste t\u00e4htaja ja t\u00f6\u00f6tasustamise korra m\u00e4\u00e4ramine;<\/p>\n\n\n\n<p>5.3.9 \u00dchingu raamatupidamise aastaaruande ja tegevusaruande kinnitamine;<\/p>\n\n\n\n<p>5.3.10 \u00dchingu osakondade moodustamine ja nende tegevuse l\u00f5petamine.<\/p>\n\n\n\n<p>5.4 Liikmete \u00fcldkoosoleku kutsub kokku juhatus raamatupidamise aastaaruande ja tegevusaruande kinnitamiseks ja teistes p\u00f5hikirjas ning seaduses s\u00e4testatud olulistes k\u00fcsimustes otsuste vastuv\u00f5tmiseks, samuti juhtudel, kui seda n\u00f5uavad \u00fchingu huvid v\u00f5i sellekohase p\u00f5hjendatud kirjaliku taotluse on esitanud kas v\u00e4hemalt 10% \u00dchingu liikmetest v\u00f5i v\u00e4hemalt 20 \u00dchingu liiget.<\/p>\n\n\n\n<p>5.5 Liikmete \u00fcldkoosoleku toimumise aja, koha ja p\u00e4evakorra teatab juhatus \u00dchingu liikmetele v\u00e4hemalt kaks n\u00e4dalat ette.<\/p>\n\n\n\n<p>5.6 Liikmete \u00fcldkoosolek on otsustusv\u00f5imeline, kui osaleb v\u00f5i on esindatud v\u00e4hemalt 25% + 1 \u00dchingu liikmetest v\u00f5i nende esindajatest.<\/p>\n\n\n\n<p>5.7 \u00dchingu liige v\u00f5ib osaleda ja h\u00e4\u00e4letada liikmete \u00fcldkoosolekul kas isiklikult v\u00f5i esindaja vahendusel, kellele on antud lihtkirjalik volikiri. Liikme esindajaks v\u00f5ib olla ainult teine \u00dchingu liige. Maksimaalselt v\u00f5ib \u00fcldkoosolekul \u00fcks liige esindada 10 liiget.&nbsp;<\/p>\n\n\n\n<p>5.8 P\u00e4evakorras v\u00e4lja kuulutamata k\u00fcsimustes saab liikmete \u00fcldkoosoolek teha otsuseid vaid juhul, kui osaleb v\u00f5i on esindatud v\u00e4hemalt 50% + 1 \u00fchingu liikmetest v\u00f5i nende esindajatest v\u00f5i v\u00e4hemalt 100 liiget.<\/p>\n\n\n\n<p>5.9 Liikmete \u00fcldkoosoleku otsus on vastu v\u00f5etud, kui see saab poolt h\u00e4\u00e4li \u00fcle poole h\u00e4\u00e4letanute arvust. P\u00f5hikirja muutmise, \u00dchingu \u00fchinemise, jagunemise, \u00fcmberkujundamise ja l\u00f5petamise ning liikme \u00dchingust v\u00e4ljaarvamise heakskiitmise otsused on vastu v\u00f5etud, kui nende poolt h\u00e4\u00e4letab \u00fcle 67% liikmete \u00fcldkoosolekul osalenud liikmetest v\u00f5i nende esindajatest.<\/p>\n\n\n\n<p>5.10 \u00dchingu liikmed&nbsp; saavad otsuseid vastu v\u00f5tta ka liikmete \u00fcldkoosolekut kokku kutsumata. Sel juhul saadab juhatus igale \u00dchingu liikmele kirja teel otsuse projekti. Otsus peab vastuv\u00f5tmiseks saama poolt h\u00e4\u00e4li \u00fcle poole h\u00e4\u00e4letanute arvust.<\/p>\n\n\n\n<h3 class=\"wp-block-heading\"><strong>6 JUHATUS<\/strong><\/h3>\n\n\n\n<p>6.1 \u00dchingu juhtimis- ja esindusorganiks on neljaliikmeline juhatus.<\/p>\n\n\n\n<p>6.2 Iga juhatuse liige esindab \u00dchingut k\u00f5igis \u00f5igustoimingutes.<\/p>\n\n\n\n<p>6.3 Juhatuse liige valitakse kolmeks aastaks.<\/p>\n\n\n\n<p>6.4 Ettepanekuid juhatuse liikmete valimiseks saavad teha k\u00f5ik \u00dchingu liikmed ja osakondade juhatused oma otsusega. Ettepanekud peavad olema laekunud \u00dchingu juhatusele hiljemalt \u00fcldkoosoleku alguseks. Valimised on salajased. Juhatuse liige osutub valituks, kui tema poolt h\u00e4\u00e4letavad v\u00e4hemalt pooled \u00fcldkogul osalevad \u00dchingu liikmed. Kui juhatuse liikme kohale on rohkem kui \u00fcks kandidaat osutub valituks enim h\u00e4\u00e4li kogunud kandidaat.&nbsp;&nbsp;&nbsp;&nbsp;<\/p>\n\n\n\n<p>6.5 \u00dcldkogu otsusega v\u00f5idakse juhatuse liikmeid ennet\u00e4htaegselt ametist tagasi kutsuda \u00fcksnes \u00dchingu juhtimise v\u00f5imetuse ilmnemise v\u00f5i k\u00e4esoleva p\u00f5hikirja punktis 3.7 ilmnenud asjaolude korral.<\/p>\n\n\n\n<p>6.6 Juhatus:<\/p>\n\n\n\n<p>6.6.1 teostab \u00dchingu igap\u00e4evast juhtimist ja koordineerib \u00dchingu osakondade tegevust;<\/p>\n\n\n\n<p>6.6.2 tagab liikmete \u00fcldkoosoleku otsuste t\u00e4ideviimise;<\/p>\n\n\n\n<p>6.6.3 korraldab \u00dchingu raamatupidamist;<\/p>\n\n\n\n<p>6.6.4 koostab p\u00e4rast majandusaasta l\u00f5ppu raamatupidamise aastaaruande ja tegevusaruande ning esitab selle liikmete \u00fcldkoosolekule kinnitamiseks;<\/p>\n\n\n\n<p>6.6.5 peab osakondade juhatustelt saadud info alusel arvestust \u00dchingu liikmeskonna kohta;<\/p>\n\n\n\n<p>6.6.7 kogub nende liikmete aastamakseid, kes ei kuulu \u00fchtegi \u00dchingu osakonda;<\/p>\n\n\n\n<p>6.6.8 kutsub kokku liikmete \u00fcldkoosoleku;<\/p>\n\n\n\n<p>6.6.9 informeerib liikmeid regulaarselt oma tegevusest ning vastab liikmete ja osakondade arup\u00e4rimistele;<\/p>\n\n\n\n<p>6.6.10 s\u00f5lmib, muudab ja l\u00f5petab \u00dchingu nimel lepinguid.<\/p>\n\n\n\n<p>6.6.11 esitab \u00fcldkoosolekule kandidaate \u00dchingu auliikmete valimiseks.<\/p>\n\n\n\n<p>6.7 Juhatus v\u00f5ib otsuseid vastu v\u00f5tta juhatuse koosolekul, kui juhatuse koosolekul osaleb \u00fcle poole juhatuse liikmetest.<\/p>\n\n\n\n<p>6.8 Juhatuse otsus on juhatuse koosolekul vastu v\u00f5etud, kui selle poolt h\u00e4\u00e4letab \u00fcle poole koosolekul kohal olnud juhatuse liikmetest. Juhatuse esimehel on juhatuse h\u00e4\u00e4letustel viiki murdev h\u00e4\u00e4l<\/p>\n\n\n\n<p>6.9&nbsp; Juhatuse liige ei v\u00f5i osaleda h\u00e4\u00e4letamises, kui otsustatakse temaga v\u00f5i temaga v\u00f5rdset majanduslikku huvi omava isikuga tehingu tegemist v\u00f5i temaga kohtuvaidluse alustamist v\u00f5i l\u00f5petamist \u00dchingu poolt.<\/p>\n\n\n\n<p>6. 10 Raamatupidamise aastaaruandele ja tegevusaruandele kirjutavad alla k\u00f5ik juhatuse liikmed.<\/p>\n\n\n\n<h3 class=\"wp-block-heading\"><strong>7 OSAKONNAD<\/strong><\/h3>\n\n\n\n<p>7.11&nbsp; \u00dchingu p\u00f5hikirjaliste eesm\u00e4rkide t\u00e4itmiseks erinevates valdkondades v\u00f5ib \u00dchingu liikmete \u00fcldkoosolek oma otsusega moodustada osakondi. Osakonnad ei ole juriidilised isikud.<\/p>\n\n\n\n<p>7.12&nbsp; Osakonna k\u00f5rgeim organ on osakonna liikmete \u00fcldkoosolek, mis valib osakonna juhatuse.<\/p>\n\n\n\n<p>7.13&nbsp; Osakonna juhatus:<\/p>\n\n\n\n<p>7.13.1 juhib ja korraldab osakonna igap\u00e4evast tegevust ning esindab osakonda;<\/p>\n\n\n\n<p>7.13.2 kutsub kokku osakonna liikmete \u00fcldkoosoleku;<\/p>\n\n\n\n<p>7.13.3 peab arvestust osakonna liikmete \u00fcle ning m\u00e4\u00e4rab oma liikmetele kehtiva \u00dchingu aastamaksete suuruse ja nende tasumise t\u00e4htaja ning korra;<\/p>\n\n\n\n<p>7.13.4 esitab igal aastal osakonna liikmete \u00fcldkoosolekule ja \u00dchingu juhatusele aruande oma tegevuse kohta, mis sisaldab ka infot osakonna liikmeskonna kohta;<\/p>\n\n\n\n<p>7.14&nbsp; Osakond v\u00f5ib kehtestada oma p\u00f5hikirja v\u00f5i kodukorra, mis ei tohi olla vastuolus \u00dchingu p\u00f5hikirjaga.<\/p>\n\n\n\n<h3 class=\"wp-block-heading\"><strong>9 L\u00d5PETAMINE<\/strong><\/h3>\n\n\n\n<p>9.1 \u00dching l\u00f5petatakse:<\/p>\n\n\n\n<p>9.1.1 liikmete \u00fcldkoosoleku otsusega;<\/p>\n\n\n\n<p>9.1.2 pankrotimenetluse alustamisel \u00dchingu vastu;<\/p>\n\n\n\n<p>9.1.3 \u00dchingu liikmete arvu v\u00e4henemisel alla nelja;<\/p>\n\n\n\n<p>9.1.4 liikmete \u00fcldkoosoleku v\u00f5imetuse korral valida juhatuse liikmed.<\/p>\n\n\n\n<p>9.2 L\u00f5petamise v\u00f5ib alati otsustada liikmete \u00fcldkoosoleku otsusega. Sel juhul esitab juhatus avalduse l\u00f5petamise kandmiseks registrisse. Avaldusele tuleb lisada liikmete \u00fcldkoosoleku otsus.<\/p>\n\n\n\n<p>9.3 Juhatus peab esitama pankrotiavalduse, kui selgub, et \u00dchingul on vara v\u00e4hem, kui v\u00f5etud kohustusi.<\/p>\n\n\n\n<p>9.4 L\u00f5petamisel toimub \u00dchingu likvideerimine. Likvideerijad m\u00e4\u00e4rab liikmete \u00fcldkoosolek. Juhatuse avalduse alusel kantakse likvideerijad registrisse.<\/p>\n\n\n\n<p>9.5 \u00dchingu l\u00f5petamise korral antakse p\u00e4rast v\u00f5lausaldajate n\u00f5uete rahuldamist alles j\u00e4\u00e4nud vara \u00fcle tulumaksusoodustusega mittetulundus\u00fchingute ja sihtasutuste nimekirja kantud \u00fchingule v\u00f5i avalik-\u00f5iguslikule juriidilisele isikule.<\/p>\n\n\n\n<p>9.6 P\u00e4rast likvideerimise l\u00f5ppemist esitavad likvideerijad avalduse \u00fchingu registrist kustutamiseks. Likvideerijad m\u00e4\u00e4ravad \u00fche endi hulgast, kelle k\u00e4tte antakse hoiule \u00fchingu dokumendid. Dokumentide hoidja nimi kantakse likvideerijate avalduse p\u00f5hjal registrisse.<\/p>\n\n\n\n<p><em>Mittetulundus\u00fchingu Eesti F\u00fc\u00fcsika Selts p\u00f5hikiri v\u00f5eti antud redaktsioonis vastu 20.09.2025.a. toimunud liikmete \u00fcldkoosolekul.<\/em><\/p>\n","protected":false},"excerpt":{"rendered":"<p>&nbsp;\u00dcLDS\u00c4TTED 1.1 Mittetulundus\u00fchingu (edaspidi \u00dching) nimi on Eesti F\u00fc\u00fcsika Selts. 1.2 \u00dching on p\u00f5hikirja alusel tegutsev era\u00f5iguslik juriidiline isik. K\u00f5ik \u00fchingule laekuvad vahendid on suunatud p\u00f5hikirjas etten\u00e4htud tegevuse arendamiseks. 1.3 Oma tegevuses juhindub \u00fching Eesti Vabariigi p\u00f5hiseadusest, mittetulundus\u00fchingute seadusest, teistest \u00f5igusaktidest ja k\u00e4esolevast p\u00f5hikirjast. 1.4 \u00dching teeb oma tegevusvaldkonnas koost\u00f6\u00f6d teiste f\u00fc\u00fcsiliste ja juriidiliste isikutega. [&hellip;]<\/p>\n","protected":false},"author":1,"featured_media":0,"parent":0,"menu_order":0,"comment_status":"closed","ping_status":"closed","template":"","meta":{"_genesis_hide_title":false,"_genesis_hide_breadcrumbs":false,"_genesis_hide_singular_image":false,"_genesis_hide_footer_widgets":false,"_genesis_custom_body_class":"","_genesis_custom_post_class":"","_genesis_layout":"","footnotes":""},"class_list":{"0":"post-719530","1":"page","2":"type-page","3":"status-publish","5":"entry"},"_links":{"self":[{"href":"https:\/\/www.fyysika.ee\/index.php?rest_route=\/wp\/v2\/pages\/719530","targetHints":{"allow":["GET"]}}],"collection":[{"href":"https:\/\/www.fyysika.ee\/index.php?rest_route=\/wp\/v2\/pages"}],"about":[{"href":"https:\/\/www.fyysika.ee\/index.php?rest_route=\/wp\/v2\/types\/page"}],"author":[{"embeddable":true,"href":"https:\/\/www.fyysika.ee\/index.php?rest_route=\/wp\/v2\/users\/1"}],"replies":[{"embeddable":true,"href":"https:\/\/www.fyysika.ee\/index.php?rest_route=%2Fwp%2Fv2%2Fcomments&post=719530"}],"version-history":[{"count":3,"href":"https:\/\/www.fyysika.ee\/index.php?rest_route=\/wp\/v2\/pages\/719530\/revisions"}],"predecessor-version":[{"id":719753,"href":"https:\/\/www.fyysika.ee\/index.php?rest_route=\/wp\/v2\/pages\/719530\/revisions\/719753"}],"wp:attachment":[{"href":"https:\/\/www.fyysika.ee\/index.php?rest_route=%2Fwp%2Fv2%2Fmedia&parent=719530"}],"curies":[{"name":"wp","href":"https:\/\/api.w.org\/{rel}","templated":true}]}}