{"id":1690,"date":"2020-02-05T15:23:55","date_gmt":"2020-02-05T13:23:55","guid":{"rendered":"http:\/\/www.fyysika.ee\/vorgustik\/?page_id=1690"},"modified":"2025-11-15T14:58:57","modified_gmt":"2025-11-15T12:58:57","slug":"efs-fuusikaopetajte-osakond","status":"publish","type":"page","link":"https:\/\/www.fyysika.ee\/vorgustik\/?page_id=1690","title":{"rendered":"EFS f\u00fc\u00fcsika\u00f5petajate osakond"},"content":{"rendered":"<p>Eesti f\u00fc\u00fcsika\u00f5petajaid koondav aine\u00fchendus on Eesti F\u00fc\u00fcsika Seltsi (EFS) f\u00fc\u00fcsika\u00f5petajate osakond, mis asutati 2002. aastal. Eesti f\u00fc\u00fcsika\u00f5petajd ja k\u00f5ik, kes koolides f\u00fc\u00fcsikat \u00f5petavad, on korduvalt nii s\u00f5na kui ka teoga n\u00e4idanud, et peavad EFS-i f\u00fc\u00fcsika\u00f5petajate osakonda oma esindajaks. Oleme osalenud \u00f5ppekavade arendamisel ja \u00f5ppematerjalide v\u00e4ljat\u00f6\u00f6tamisel ning retsenseerimisel. EFS-i ja T\u00dc f\u00fc\u00fcsika instituudi toetus on meile v\u00e4ga oluline.<br \/>\nF\u00fc\u00fcsika\u00f5petajate osakond vahendab f\u00fc\u00fcsikateaduse ja koolif\u00fc\u00fcsika infot k\u00f5igile f\u00fc\u00fcsikat \u00f5petavatele \u00f5petajatele, kasutades selleks koolif\u00fc\u00fcsika listi, kus on 340 liiget. Kasutame ka otsekontakte koolidega.<\/p>\n<p>Peame oma \u00fclesandeks f\u00fc\u00fcsika\u00f5petajate professionaalse arengu tagamist ning kogukonnatunde hoidmist. \u00dcrituste traditsioon on v\u00e4lja kujunenud ja seda p\u00fc\u00fcame hoida, kui vahendid v\u00e4hegi v\u00f5imaldavad. \u00dcle aasta toimuvad s\u00fcgisseminar Voore Puhkekeskuses ja suvekool erinevais paigus. Igal aastal v\u00f5tab meie \u00fcritustest osa v\u00e4hemalt 150 \u00f5petajat. Osakonna liikmeks saab <a href=\"https:\/\/www.fyysika.ee\/vorgustik\/?page_id=2\">isikliku avalduse alusel.<\/a><\/p>\n<p>EFS f\u00fc\u00fcsika\u00f5petajte osakonnal on juhatus, millega saab k\u00f5ige paremini \u00fchendust aadressil\u00a0<a href=\"mailto:fo@fyysika.ee\" target=\"_blank\" rel=\"noopener noreferrer\">fo@fyysika.ee<\/a>. Me jagame infot oma tegemiste ja plaanide kohta ka siin f\u00fc\u00fcsika\u00f5petajate v\u00f5rgustiku lehel ja ilmub uudiskiri Mesilane.<\/p>\n<p>EFS f\u00fc\u00fcsika \u00f5petajate osakonna juhatusse valiti 14.11.25 Voore seminaril:<\/p>\n<p>Agnes Vask<br \/>\nEveli Raudla<br \/>\nIngrid R\u00f5igas<br \/>\nMaimu Torn-Kallion<br \/>\nReivo Maasik<br \/>\nRiina Murulaid<\/p>\n<p><a href=\"https:\/\/www.fyysika.ee\/?page_id=719530\">EFS p\u00f5hikiri<\/a> ja selle <a href=\"http:\/\/www.fyysika.ee\/vorgustik\/wp-content\/uploads\/2023\/03\/Valjavote-EFS-pohikirjast-osakonnad.pdf\">osakonnad.<\/a><\/p>\n<p><a href=\"https:\/\/www.fyysika.ee\/vorgustik\/?page_id=2335\">EFS\u00a0 f\u00fc\u00fcsika\u00f5petajate osakonna p\u00f5hikiri.<\/a><\/p>\n<p><a href=\"http:\/\/www.fyysika.ee\/vorgustik\/wp-content\/uploads\/2023\/03\/Kodukord.pdf\">EFS FO korralduse hea tava.<\/a><\/p>\n<p>&nbsp;<\/p>\n","protected":false},"excerpt":{"rendered":"<p>Eesti f\u00fc\u00fcsika\u00f5petajaid koondav aine\u00fchendus on Eesti F\u00fc\u00fcsika Seltsi (EFS) f\u00fc\u00fcsika\u00f5petajate osakond, mis asutati 2002. aastal. Eesti f\u00fc\u00fcsika\u00f5petajd ja k\u00f5ik, kes koolides f\u00fc\u00fcsikat \u00f5petavad, on korduvalt nii s\u00f5na kui ka teoga n\u00e4idanud, et peavad EFS-i f\u00fc\u00fcsika\u00f5petajate osakonda oma esindajaks. Oleme osalenud \u00f5ppekavade arendamisel ja \u00f5ppematerjalide v\u00e4ljat\u00f6\u00f6tamisel ning retsenseerimisel. EFS-i ja T\u00dc f\u00fc\u00fcsika instituudi toetus on meile &hellip; <\/p>\n<p class=\"link-more\"><a href=\"https:\/\/www.fyysika.ee\/vorgustik\/?page_id=1690\" class=\"more-link\">Loe edasi<span class=\"screen-reader-text\"> &#8220;EFS f\u00fc\u00fcsika\u00f5petajate osakond&#8221;<\/span><\/a><\/p>\n","protected":false},"author":1,"featured_media":0,"parent":0,"menu_order":0,"comment_status":"closed","ping_status":"closed","template":"","meta":[],"_links":{"self":[{"href":"https:\/\/www.fyysika.ee\/vorgustik\/index.php?rest_route=\/wp\/v2\/pages\/1690"}],"collection":[{"href":"https:\/\/www.fyysika.ee\/vorgustik\/index.php?rest_route=\/wp\/v2\/pages"}],"about":[{"href":"https:\/\/www.fyysika.ee\/vorgustik\/index.php?rest_route=\/wp\/v2\/types\/page"}],"author":[{"embeddable":true,"href":"https:\/\/www.fyysika.ee\/vorgustik\/index.php?rest_route=\/wp\/v2\/users\/1"}],"replies":[{"embeddable":true,"href":"https:\/\/www.fyysika.ee\/vorgustik\/index.php?rest_route=%2Fwp%2Fv2%2Fcomments&post=1690"}],"version-history":[{"count":14,"href":"https:\/\/www.fyysika.ee\/vorgustik\/index.php?rest_route=\/wp\/v2\/pages\/1690\/revisions"}],"predecessor-version":[{"id":2605,"href":"https:\/\/www.fyysika.ee\/vorgustik\/index.php?rest_route=\/wp\/v2\/pages\/1690\/revisions\/2605"}],"wp:attachment":[{"href":"https:\/\/www.fyysika.ee\/vorgustik\/index.php?rest_route=%2Fwp%2Fv2%2Fmedia&parent=1690"}],"curies":[{"name":"wp","href":"https:\/\/api.w.org\/{rel}","templated":true}]}}