{"id":2,"date":"2010-12-20T17:35:45","date_gmt":"2010-12-20T17:35:45","guid":{"rendered":"http:\/\/www.fyysika.ee\/vorgustik\/?page_id=2"},"modified":"2023-03-21T06:57:45","modified_gmt":"2023-03-21T04:57:45","slug":"minust","status":"publish","type":"page","link":"https:\/\/www.fyysika.ee\/vorgustik\/?page_id=2","title":{"rendered":"Kontakt"},"content":{"rendered":"<p>K\u00f5ik, kes Eesti koolides f\u00fc\u00fcsikat \u00f5petavad, peaksid liituma <a href=\"https:\/\/lists.ut.ee\/wws\/subscribe\/kool.fyysika?previous_action=info\">koolif\u00fc\u00fcsika listiga.<\/a> Sealt saab teateid toimuvate s\u00fcndmuste kohta, v\u00f5ib algatada arutelu ja esitada k\u00fcsimusi.<\/p>\n<p>F\u00fc\u00fcsika\u00f5petajate v\u00f5rgustikku haldab EFS f\u00fc\u00fcsika\u00f5petajate osakond (st f\u00fc\u00fcsika\u00f5petajate aineliit) <a href=\"http:\/\/fyysika.ee\/efs\/opetajad.html\">http:\/\/fyysika.ee\/efs\/opetajad.html.<\/a>\u00a0 Osakonna juhatusele saab kirjutada\u00a0 aadressil fo@fyysika.ee.<\/p>\n<p>Alates 1. veebruarist 2023 peab EFS f\u00fc\u00fcsika\u00f5petajate osakond liikmete \u00fcle t\u00e4psemat arvestust ja kogub liikmemaksu. Osakonnaga liitumiseks tuleb saata sooviavaldus aadressile fo@fyysika.ee. Liimemaks on 20 eurot aastas.<br \/>\nOsakonna arve on EE812200221066412262, saajaks EESTI F\u00dc\u00dcSIKA SELTS ja selgituseks \u201e\/nimi\/ FO liikmemaks\u201c.<br \/>\nLiikmemaksu v\u00f5ib tasuda sularahas f\u00fc\u00fcsika\u00f5petajate traditsioonilistel \u00fcritustel, suvekoolis ja s\u00fcgisseminaril.<\/p>\n<p>&nbsp;<\/p>\n<p>&nbsp;<\/p>\n","protected":false},"excerpt":{"rendered":"<p>K\u00f5ik, kes Eesti koolides f\u00fc\u00fcsikat \u00f5petavad, peaksid liituma koolif\u00fc\u00fcsika listiga. Sealt saab teateid toimuvate s\u00fcndmuste kohta, v\u00f5ib algatada arutelu ja esitada k\u00fcsimusi. F\u00fc\u00fcsika\u00f5petajate v\u00f5rgustikku haldab EFS f\u00fc\u00fcsika\u00f5petajate osakond (st f\u00fc\u00fcsika\u00f5petajate aineliit) http:\/\/fyysika.ee\/efs\/opetajad.html.\u00a0 Osakonna juhatusele saab kirjutada\u00a0 aadressil fo@fyysika.ee. Alates 1. veebruarist 2023 peab EFS f\u00fc\u00fcsika\u00f5petajate osakond liikmete \u00fcle t\u00e4psemat arvestust ja kogub liikmemaksu. Osakonnaga liitumiseks &hellip; <\/p>\n<p class=\"link-more\"><a href=\"https:\/\/www.fyysika.ee\/vorgustik\/?page_id=2\" class=\"more-link\">Loe edasi<span class=\"screen-reader-text\"> &#8220;Kontakt&#8221;<\/span><\/a><\/p>\n","protected":false},"author":1,"featured_media":0,"parent":0,"menu_order":6,"comment_status":"open","ping_status":"open","template":"","meta":[],"_links":{"self":[{"href":"https:\/\/www.fyysika.ee\/vorgustik\/index.php?rest_route=\/wp\/v2\/pages\/2"}],"collection":[{"href":"https:\/\/www.fyysika.ee\/vorgustik\/index.php?rest_route=\/wp\/v2\/pages"}],"about":[{"href":"https:\/\/www.fyysika.ee\/vorgustik\/index.php?rest_route=\/wp\/v2\/types\/page"}],"author":[{"embeddable":true,"href":"https:\/\/www.fyysika.ee\/vorgustik\/index.php?rest_route=\/wp\/v2\/users\/1"}],"replies":[{"embeddable":true,"href":"https:\/\/www.fyysika.ee\/vorgustik\/index.php?rest_route=%2Fwp%2Fv2%2Fcomments&post=2"}],"version-history":[{"count":28,"href":"https:\/\/www.fyysika.ee\/vorgustik\/index.php?rest_route=\/wp\/v2\/pages\/2\/revisions"}],"predecessor-version":[{"id":2348,"href":"https:\/\/www.fyysika.ee\/vorgustik\/index.php?rest_route=\/wp\/v2\/pages\/2\/revisions\/2348"}],"wp:attachment":[{"href":"https:\/\/www.fyysika.ee\/vorgustik\/index.php?rest_route=%2Fwp%2Fv2%2Fmedia&parent=2"}],"curies":[{"name":"wp","href":"https:\/\/api.w.org\/{rel}","templated":true}]}}